{"id":103,"date":"2020-01-02T23:04:29","date_gmt":"2020-01-02T22:04:29","guid":{"rendered":"http:\/\/www.laresistenza.it\/?page_id=103"},"modified":"2022-11-07T19:51:18","modified_gmt":"2022-11-07T18:51:18","slug":"musica","status":"publish","type":"page","link":"https:\/\/www.laresistenza.it\/?page_id=103","title":{"rendered":"Musica"},"content":{"rendered":"\n<p>In questa pagina trovi tutte le nostre produzioni, organizzate in playlist. Clicca sui link di approfondimento o sui titoli per entrare nelle pagine dedicate a ciascun brano.<\/p>\n\n\n\n<h2 class=\"wp-block-heading\">In evidenza &#8211; Novit\u00c0 <\/h2>\n\n\n\n<div class=\"wp-block-columns is-layout-flex wp-container-core-columns-is-layout-1 wp-block-columns-is-layout-flex\">\n<div class=\"wp-block-column is-layout-flow wp-block-column-is-layout-flow\">\n<figure class=\"wp-block-embed is-type-video is-provider-youtube wp-block-embed-youtube wp-embed-aspect-16-9 wp-has-aspect-ratio\"><div class=\"wp-block-embed__wrapper\">\n<iframe loading=\"lazy\" title=\"La Resistenza - E quando arriva l\u2019estate (Lyric Video)\" width=\"760\" height=\"428\" src=\"https:\/\/www.youtube.com\/embed\/JznCdlwvRVU?feature=oembed\" frameborder=\"0\" allow=\"accelerometer; autoplay; clipboard-write; encrypted-media; gyroscope; picture-in-picture\" allowfullscreen><\/iframe>\n<\/div><figcaption class=\"wp-element-caption\">Online il nostro ultimo singolo, E quando arriva l&#8217;estate. Visita la <a href=\"https:\/\/www.laresistenza.it\/musica\/e-quando-arriva-lestate\/\" data-type=\"page\" data-id=\"877\">pagina dedicata<\/a><\/figcaption><\/figure>\n<\/div>\n<\/div>\n\n\n\n<h5 class=\"has-text-align-left wp-block-heading\"><a href=\"https:\/\/www.laresistenza.it\/musica\/le-nostre-preferite\/\" data-type=\"page\" data-id=\"628\">LE NOSTRE PREFERITE<\/a><\/h5>\n\n\n<p><iframe loading=\"lazy\" width=\"100%\" height=\"450\" scrolling=\"no\" frameborder=\"no\" allow=\"autoplay\" src=\"https:\/\/w.soundcloud.com\/player\/?url=https%3A\/\/api.soundcloud.com\/playlists\/1134156181&amp;color=%23ff5500&amp;auto_play=false&amp;hide_related=false&amp;show_comments=true&amp;show_user=true&amp;show_reposts=false&amp;show_teaser=true\"><\/iframe><\/p>\n\n\n\n<p class=\"has-text-align-right\">Una selezione di brani cui teniamo particolarmente. <a href=\"https:\/\/www.laresistenza.it\/musica\/le-nostre-preferite\/\" data-type=\"page\" data-id=\"628\">Scopri di pi\u00f9<\/a><\/p>\n\n\n\n<hr class=\"wp-block-separator has-css-opacity is-style-wide\"\/>\n\n\n\n<h5 class=\"has-text-align-left wp-block-heading\"><a href=\"https:\/\/www.laresistenza.it\/musica\/i-singoli\/\" data-type=\"page\" data-id=\"646\">I SINGOLI<\/a><\/h5>\n\n\n<p><iframe loading=\"lazy\" width=\"100%\" height=\"450\" scrolling=\"no\" frameborder=\"no\" allow=\"autoplay\" src=\"https:\/\/w.soundcloud.com\/player\/?url=https%3A\/\/api.soundcloud.com\/playlists\/1132898173&amp;color=%23ff5500&amp;auto_play=false&amp;hide_related=false&amp;show_comments=true&amp;show_user=true&amp;show_reposts=false&amp;show_teaser=true\"><\/iframe><\/p>\n\n\n\n<p class=\"has-text-align-right\">Le produzioni lanciate come singoli. <a href=\"https:\/\/www.laresistenza.it\/musica\/i-singoli\/\" data-type=\"page\" data-id=\"646\">Scopri di pi\u00f9<\/a><\/p>\n\n\n\n<hr class=\"wp-block-separator has-css-opacity is-style-wide\"\/>\n\n\n\n<h5 class=\"has-text-align-left wp-block-heading\"><a href=\"https:\/\/www.laresistenza.it\/instrumental\/\" data-type=\"page\" data-id=\"661\">Instrumental<\/a><\/h5>\n\n\n<p><iframe loading=\"lazy\" width=\"100%\" height=\"450\" scrolling=\"no\" frameborder=\"no\" allow=\"autoplay\" src=\"https:\/\/w.soundcloud.com\/player\/?url=https%3A\/\/api.soundcloud.com\/playlists\/1134017107&amp;color=%23ff5500&amp;auto_play=false&amp;hide_related=false&amp;show_comments=true&amp;show_user=true&amp;show_reposts=false&amp;show_teaser=true\"><\/iframe<\/iframe><\/p>\n\n\n\n<p class=\"has-text-align-right\">Senza parole. <a href=\"https:\/\/www.laresistenza.it\/instrumental\/\" data-type=\"page\" data-id=\"661\">Scopri di pi\u00f9<\/a><\/p>\n\n\n\n<hr class=\"wp-block-separator has-css-opacity is-style-wide\"\/>\n\n\n\n<h5 class=\"has-text-align-left wp-block-heading\"><a href=\"https:\/\/www.laresistenza.it\/musica\/la-ballata-ti-lu-clandestinu-2\/\" data-type=\"page\" data-id=\"653\">La ballata ti lu clandestinu (album)<\/a><\/h5>\n\n\n<p><iframe loading=\"lazy\" width=\"100%\" height=\"450\" scrolling=\"no\" frameborder=\"no\" allow=\"autoplay\" src=\"https:\/\/w.soundcloud.com\/player\/?url=https%3A\/\/api.soundcloud.com\/playlists\/2040470&amp;color=%23ff5500&amp;auto_play=false&amp;hide_related=false&amp;show_comments=true&amp;show_user=true&amp;show_reposts=false&amp;show_teaser=true\"><\/iframe><\/p>\n\n\n\n<p class=\"has-text-align-right\">L&#8217;album d&#8217;esordio. <a href=\"https:\/\/www.laresistenza.it\/musica\/la-ballata-ti-lu-clandestinu-2\/\" data-type=\"page\" data-id=\"653\">Scopri di pi\u00f9<\/a><\/p>\n\n\n\n<hr class=\"wp-block-separator has-css-opacity is-style-wide\"\/>\n\n\n\n<h5 class=\"wp-block-heading\"><a href=\"https:\/\/www.laresistenza.it\/musica\/ombre-o-s-t\/\" data-type=\"page\" data-id=\"703\">Ombre (OST)<\/a><\/h5>\n\n\n<p><iframe loading=\"lazy\" width=\"100%\" height=\"450\" scrolling=\"no\" frameborder=\"no\" allow=\"autoplay\" src=\"https:\/\/w.soundcloud.com\/player\/?url=https%3A\/\/api.soundcloud.com\/playlists\/2182508&amp;color=%23ff5500&amp;auto_play=false&amp;hide_related=false&amp;show_comments=true&amp;show_user=true&amp;show_reposts=false&amp;show_teaser=true\"><\/iframe><\/p>\n\n\n\n<p class=\"has-text-align-right\">Colonna sonora dell&#8217;omonimo corto. <a href=\"https:\/\/www.laresistenza.it\/musica\/ombre-o-s-t\/\" data-type=\"page\" data-id=\"703\">Scopri di pi\u00f9<\/a><\/p>\n\n\n\n<hr class=\"wp-block-separator has-css-opacity is-style-wide\"\/>\n\n\n\n<h5 class=\"has-text-align-left wp-block-heading\"><a href=\"https:\/\/www.laresistenza.it\/musica\/tutte-le-pro\/\" data-type=\"page\" data-id=\"669\">TUTTE LE PRODUZIONI<\/a><\/h5>\n\n\n<p><iframe loading=\"lazy\" width=\"100%\" height=\"450\" scrolling=\"no\" frameborder=\"no\" allow=\"autoplay\" src=\"https:\/\/w.soundcloud.com\/player\/?url=https%3A\/\/api.soundcloud.com\/playlists\/2042585&amp;color=%23ff5500&amp;auto_play=false&amp;hide_related=false&amp;show_comments=true&amp;show_user=true&amp;show_reposts=false&amp;show_teaser=true\"><\/iframe><\/p>\n\n\n\n<p class=\"has-text-align-right\">Tutte le nostre produzioni in ordine alfabetico. <a href=\"https:\/\/www.laresistenza.it\/musica\/tutte-le-pro\/\" data-type=\"page\" data-id=\"669\">Scopri di pi\u00f9<\/a><\/p>\n\n\n\n<p><\/p>\n<!-- AddThis Advanced Settings generic via filter on the_content --><!-- AddThis Share Buttons generic via filter on the_content -->","protected":false},"excerpt":{"rendered":"<p>In questa pagina trovi tutte le nostre produzioni, organizzate in playlist. Clicca sui link di approfondimento o sui titoli per entrare nelle pagine dedicate a ciascun brano. In evidenza &#8211; Novit\u00c0 LE NOSTRE PREFERITE Una selezione di brani cui teniamo particolarmente. Scopri di pi\u00f9 I SINGOLI Le produzioni lanciate come singoli. Scopri di pi\u00f9 Instrumental &hellip; <\/p>\n<p class=\"link-more\"><a href=\"https:\/\/www.laresistenza.it\/?page_id=103\" class=\"more-link\">Continue reading<span class=\"screen-reader-text\"> &#8220;Musica&#8221;<\/span><\/a><\/p>\n<p><!-- AddThis Advanced Settings generic via filter on get_the_excerpt --><!-- AddThis Share Buttons generic via filter on get_the_excerpt --><\/p>\n","protected":false},"author":1,"featured_media":0,"parent":0,"menu_order":0,"comment_status":"closed","ping_status":"closed","template":"template-full.php","meta":{"footnotes":""},"_links":{"self":[{"href":"https:\/\/www.laresistenza.it\/index.php?rest_route=\/wp\/v2\/pages\/103"}],"collection":[{"href":"https:\/\/www.laresistenza.it\/index.php?rest_route=\/wp\/v2\/pages"}],"about":[{"href":"https:\/\/www.laresistenza.it\/index.php?rest_route=\/wp\/v2\/types\/page"}],"author":[{"embeddable":true,"href":"https:\/\/www.laresistenza.it\/index.php?rest_route=\/wp\/v2\/users\/1"}],"replies":[{"embeddable":true,"href":"https:\/\/www.laresistenza.it\/index.php?rest_route=%2Fwp%2Fv2%2Fcomments&post=103"}],"version-history":[{"count":36,"href":"https:\/\/www.laresistenza.it\/index.php?rest_route=\/wp\/v2\/pages\/103\/revisions"}],"predecessor-version":[{"id":927,"href":"https:\/\/www.laresistenza.it\/index.php?rest_route=\/wp\/v2\/pages\/103\/revisions\/927"}],"wp:attachment":[{"href":"https:\/\/www.laresistenza.it\/index.php?rest_route=%2Fwp%2Fv2%2Fmedia&parent=103"}],"curies":[{"name":"wp","href":"https:\/\/api.w.org\/{rel}","templated":true}]}}

<p>In questa pagina trovi tutte le nostre produzioni, organizzate in playlist. Clicca sui link di approfondimento o sui titoli per entrare nelle pagine dedicate a ciascun brano.</p>



<h2 class="wp-block-heading">In evidenza &#8211; NovitÀ </h2>



<div class="wp-block-columns is-layout-flex wp-container-core-columns-is-layout-1 wp-block-columns-is-layout-flex">
<div class="wp-block-column is-layout-flow wp-block-column-is-layout-flow">
<figure class="wp-block-embed is-type-video is-provider-youtube wp-block-embed-youtube wp-embed-aspect-16-9 wp-has-aspect-ratio"><div class="wp-block-embed__wrapper">
<iframe loading="lazy" title="La Resistenza - E quando arriva l’estate (Lyric Video)" width="760" height="428" src="https://www.youtube.com/embed/JznCdlwvRVU?feature=oembed" frameborder="0" allow="accelerometer; autoplay; clipboard-write; encrypted-media; gyroscope; picture-in-picture" allowfullscreen></iframe>
</div><figcaption class="wp-element-caption">Online il nostro ultimo singolo, E quando arriva l&#8217;estate. Visita la <a href="https://www.laresistenza.it/musica/e-quando-arriva-lestate/" data-type="page" data-id="877">pagina dedicata</a></figcaption></figure>
</div>
</div>



<h5 class="has-text-align-left wp-block-heading"><a href="https://www.laresistenza.it/musica/le-nostre-preferite/" data-type="page" data-id="628">LE NOSTRE PREFERITE</a></h5>


<p><iframe loading="lazy" width="100%" height="450" scrolling="no" frameborder="no" allow="autoplay" src="https://w.soundcloud.com/player/?url=https%3A//api.soundcloud.com/playlists/1134156181&amp;color=%23ff5500&amp;auto_play=false&amp;hide_related=false&amp;show_comments=true&amp;show_user=true&amp;show_reposts=false&amp;show_teaser=true"></iframe></p>



<p class="has-text-align-right">Una selezione di brani cui teniamo particolarmente. <a href="https://www.laresistenza.it/musica/le-nostre-preferite/" data-type="page" data-id="628">Scopri di più</a></p>



<hr class="wp-block-separator has-css-opacity is-style-wide"/>



<h5 class="has-text-align-left wp-block-heading"><a href="https://www.laresistenza.it/musica/i-singoli/" data-type="page" data-id="646">I SINGOLI</a></h5>


<p><iframe loading="lazy" width="100%" height="450" scrolling="no" frameborder="no" allow="autoplay" src="https://w.soundcloud.com/player/?url=https%3A//api.soundcloud.com/playlists/1132898173&amp;color=%23ff5500&amp;auto_play=false&amp;hide_related=false&amp;show_comments=true&amp;show_user=true&amp;show_reposts=false&amp;show_teaser=true"></iframe></p>



<p class="has-text-align-right">Le produzioni lanciate come singoli. <a href="https://www.laresistenza.it/musica/i-singoli/" data-type="page" data-id="646">Scopri di più</a></p>



<hr class="wp-block-separator has-css-opacity is-style-wide"/>



<h5 class="has-text-align-left wp-block-heading"><a href="https://www.laresistenza.it/instrumental/" data-type="page" data-id="661">Instrumental</a></h5>


<p><iframe loading="lazy" width="100%" height="450" scrolling="no" frameborder="no" allow="autoplay" src="https://w.soundcloud.com/player/?url=https%3A//api.soundcloud.com/playlists/1134017107&amp;color=%23ff5500&amp;auto_play=false&amp;hide_related=false&amp;show_comments=true&amp;show_user=true&amp;show_reposts=false&amp;show_teaser=true"></iframe</iframe></p>



<p class="has-text-align-right">Senza parole. <a href="https://www.laresistenza.it/instrumental/" data-type="page" data-id="661">Scopri di più</a></p>



<hr class="wp-block-separator has-css-opacity is-style-wide"/>



<h5 class="has-text-align-left wp-block-heading"><a href="https://www.laresistenza.it/musica/la-ballata-ti-lu-clandestinu-2/" data-type="page" data-id="653">La ballata ti lu clandestinu (album)</a></h5>


<p><iframe loading="lazy" width="100%" height="450" scrolling="no" frameborder="no" allow="autoplay" src="https://w.soundcloud.com/player/?url=https%3A//api.soundcloud.com/playlists/2040470&amp;color=%23ff5500&amp;auto_play=false&amp;hide_related=false&amp;show_comments=true&amp;show_user=true&amp;show_reposts=false&amp;show_teaser=true"></iframe></p>



<p class="has-text-align-right">L&#8217;album d&#8217;esordio. <a href="https://www.laresistenza.it/musica/la-ballata-ti-lu-clandestinu-2/" data-type="page" data-id="653">Scopri di più</a></p>



<hr class="wp-block-separator has-css-opacity is-style-wide"/>



<h5 class="wp-block-heading"><a href="https://www.laresistenza.it/musica/ombre-o-s-t/" data-type="page" data-id="703">Ombre (OST)</a></h5>


<p><iframe loading="lazy" width="100%" height="450" scrolling="no" frameborder="no" allow="autoplay" src="https://w.soundcloud.com/player/?url=https%3A//api.soundcloud.com/playlists/2182508&amp;color=%23ff5500&amp;auto_play=false&amp;hide_related=false&amp;show_comments=true&amp;show_user=true&amp;show_reposts=false&amp;show_teaser=true"></iframe></p>



<p class="has-text-align-right">Colonna sonora dell&#8217;omonimo corto. <a href="https://www.laresistenza.it/musica/ombre-o-s-t/" data-type="page" data-id="703">Scopri di più</a></p>



<hr class="wp-block-separator has-css-opacity is-style-wide"/>



<h5 class="has-text-align-left wp-block-heading"><a href="https://www.laresistenza.it/musica/tutte-le-pro/" data-type="page" data-id="669">TUTTE LE PRODUZIONI</a></h5>


<p><iframe loading="lazy" width="100%" height="450" scrolling="no" frameborder="no" allow="autoplay" src="https://w.soundcloud.com/player/?url=https%3A//api.soundcloud.com/playlists/2042585&amp;color=%23ff5500&amp;auto_play=false&amp;hide_related=false&amp;show_comments=true&amp;show_user=true&amp;show_reposts=false&amp;show_teaser=true"></iframe></p>



<p class="has-text-align-right">Tutte le nostre produzioni in ordine alfabetico. <a href="https://www.laresistenza.it/musica/tutte-le-pro/" data-type="page" data-id="669">Scopri di più</a></p>



<p></p>
<!-- AddThis Advanced Settings generic via filter on the_content --><!-- AddThis Share Buttons generic via filter on the_content -->

<p>In questa pagina trovi tutte le nostre produzioni, organizzate in playlist. Clicca sui link di approfondimento o sui titoli per entrare nelle pagine dedicate a ciascun brano. In evidenza &#8211; NovitÀ LE NOSTRE PREFERITE Una selezione di brani cui teniamo particolarmente. Scopri di più I SINGOLI Le produzioni lanciate come singoli. Scopri di più Instrumental &hellip; </p>
<p class="link-more"><a href="https://www.laresistenza.it/?page_id=103" class="more-link">Continue reading<span class="screen-reader-text"> &#8220;Musica&#8221;</span></a></p>
<p><!-- AddThis Advanced Settings generic via filter on get_the_excerpt --><!-- AddThis Share Buttons generic via filter on get_the_excerpt --></p>
