{"id":234,"date":"2020-07-30T19:51:14","date_gmt":"2020-07-30T17:51:14","guid":{"rendered":"http:\/\/www.laresistenza.it\/?page_id=234"},"modified":"2022-02-01T18:54:24","modified_gmt":"2022-02-01T17:54:24","slug":"enrico-cervellera","status":"publish","type":"page","link":"https:\/\/www.laresistenza.it\/?page_id=234","title":{"rendered":"Enrico Cervellera"},"content":{"rendered":"\n<p>Pianista, 43 anni, fonda La Resistenza il 13 ottobre 2004. Rappresenta il\u00a0<em>trait d&#8217;union<\/em>\u00a0tra i vari musicisti e collaboratori che partecipano al progetto.<\/p>\n\n\n\n<div class=\"wp-block-media-text alignwide is-stacked-on-mobile\" style=\"grid-template-columns:15% auto\"><figure class=\"wp-block-media-text__media\"><img loading=\"lazy\" decoding=\"async\" width=\"259\" height=\"363\" src=\"https:\/\/www.laresistenza.it\/wp-content\/uploads\/2020\/07\/ec-2.jpg\" alt=\"\" class=\"wp-image-258 size-full\" srcset=\"https:\/\/www.laresistenza.it\/wp-content\/uploads\/2020\/07\/ec-2.jpg 259w, https:\/\/www.laresistenza.it\/wp-content\/uploads\/2020\/07\/ec-2-214x300.jpg 214w\" sizes=\"(max-width: 259px) 100vw, 259px\" \/><\/figure><div class=\"wp-block-media-text__content\">\n<p class=\"has-normal-font-size\">Nato a Mesagne (BR), dopo la maturit\u00e0 scientifica, segue, nel 1998 i corsi di perfezionamento pianistico del M\u00b0 Pierluigi Camicia presso l&#8217;Accademia Phon\u00e8 di Bari. Nel 1999 consegue, presso l&#8217;Accademia Musicale Pescarese, sotto la guida del M\u00b0 Piotr Lachert, il diploma biennale in &#8220;Didattica pianistica&#8221;. Nel 2000, sotto la guida del M\u00b0 Rossella Ricci, si diploma col massimo dei voti in pianoforte presso l&#8217;Istituto Musicale Pareggiato di Ceglie M.ca (BR). Nel 2002, sotto la guida del Prof. Riccardo Giagni, consegue, presso l&#8217;Universit\u00e0 degli Studi di Lecce la laurea col massimo dei voti e lode in Beni Culturali, indirizzo Beni Musicali.<\/p>\n<\/div><\/div>\n\n\n\n<div class=\"wp-block-media-text alignwide has-media-on-the-right is-stacked-on-mobile\" style=\"grid-template-columns:auto 20%\"><figure class=\"wp-block-media-text__media\"><img loading=\"lazy\" decoding=\"async\" width=\"831\" height=\"1024\" src=\"https:\/\/www.laresistenza.it\/wp-content\/uploads\/2020\/07\/Enrico-Cervellera-e-Teresa-De-Sio-1-831x1024.jpg\" alt=\"\" class=\"wp-image-244 size-full\" srcset=\"https:\/\/www.laresistenza.it\/wp-content\/uploads\/2020\/07\/Enrico-Cervellera-e-Teresa-De-Sio-1-831x1024.jpg 831w, https:\/\/www.laresistenza.it\/wp-content\/uploads\/2020\/07\/Enrico-Cervellera-e-Teresa-De-Sio-1-243x300.jpg 243w, https:\/\/www.laresistenza.it\/wp-content\/uploads\/2020\/07\/Enrico-Cervellera-e-Teresa-De-Sio-1-768x946.jpg 768w, https:\/\/www.laresistenza.it\/wp-content\/uploads\/2020\/07\/Enrico-Cervellera-e-Teresa-De-Sio-1-1246x1536.jpg 1246w, https:\/\/www.laresistenza.it\/wp-content\/uploads\/2020\/07\/Enrico-Cervellera-e-Teresa-De-Sio-1.jpg 1584w\" sizes=\"(max-width: 831px) 100vw, 831px\" \/><\/figure><div class=\"wp-block-media-text__content\">\n<p class=\"has-text-align-right has-normal-font-size\">Nel 2003 a Fiuggi vince il primo premio nella sezione cantautori nel concorso &#8220;Star Sprint&#8221;. Nel 2004 fonda La Resistenza, mentre consegue, presso la SSIS Puglia, l&#8217;abilitazione in Musica e Spettacolo, seguita, l&#8217;anno dopo, da quella in Sostegno. Gli studi pianistici proseguono sotto la guida del M\u00b0 Giuseppe Di Chiara, mentre nel 2008, consegue, presso il Conservatorio &#8220;Tito Schipa&#8221; di Lecce, con la guida del M\u00b0 Antonio Far\u00ec, il master biennale in &#8220;Management del sistema artistico e culturale&#8221;. Cresce l&#8217;attivit\u00e0 live con La Resistenza. Le vittorie e i buoni piazzamenti in alcune competizioni musicali, portano Cervellera a collaborare con Teresa De Sio per il progetto &#8220;Riddim a Sud&#8221; e il brano &#8220;La storia del perdente&#8221;, il cui video, dei registi Michele Salvezza e Marcello Saurino, riceve diversi riconoscimenti. Nel 2010 consegue, presso il Conservatorio &#8220;T. Schipa&#8221; di Lecce, sotto la guida del M\u00b0 Luigi Bubbico, il diploma triennale di Jazz.<\/p>\n<\/div><\/div>\n\n\n\n<div class=\"wp-block-media-text alignwide is-stacked-on-mobile\" style=\"grid-template-columns:42% auto\"><figure class=\"wp-block-media-text__media\"><img loading=\"lazy\" decoding=\"async\" width=\"1280\" height=\"720\" src=\"https:\/\/www.laresistenza.it\/wp-content\/uploads\/2020\/07\/2016-02-18-17.14.08-1.png\" alt=\"\" class=\"wp-image-253 size-full\" srcset=\"https:\/\/www.laresistenza.it\/wp-content\/uploads\/2020\/07\/2016-02-18-17.14.08-1.png 1280w, https:\/\/www.laresistenza.it\/wp-content\/uploads\/2020\/07\/2016-02-18-17.14.08-1-300x169.png 300w, https:\/\/www.laresistenza.it\/wp-content\/uploads\/2020\/07\/2016-02-18-17.14.08-1-1024x576.png 1024w, https:\/\/www.laresistenza.it\/wp-content\/uploads\/2020\/07\/2016-02-18-17.14.08-1-768x432.png 768w\" sizes=\"(max-width: 1280px) 100vw, 1280px\" \/><\/figure><div class=\"wp-block-media-text__content\">\n<p class=\"has-normal-font-size\">Nel 2011 \u00e8 in commissione agli esami di diploma di Jazz presso lo stesso Conservatorio. Dopo aver svolto intensa attivit\u00e0 didattica nelle scuole secondarie di primo grado, passa di ruolo in Sostegno nel 2014, attivit\u00e0 che svolge a tutt&#8217;oggi. Esperto in alcuni PON di argomento musicale, prosegue parallelamente gli studi musicali conseguendo col massimo dei voti, nel 2018, presso il Conservatorio di Lecce, sotto la guida del M\u00b0 Luigi Bubbico, il Diploma di II livello in Pianoforte Jazz.<\/p>\n<\/div><\/div>\n\n\n\n<ul class=\"wp-block-social-links is-layout-flex wp-block-social-links-is-layout-flex\">\n\n\n\n\n\n\n\n<\/ul>\n\n\n\n<p><\/p>\n<!-- AddThis Advanced Settings generic via filter on the_content --><!-- AddThis Share Buttons generic via filter on the_content -->","protected":false},"excerpt":{"rendered":"<p>Pianista, 43 anni, fonda La Resistenza il 13 ottobre 2004. Rappresenta il\u00a0trait d&#8217;union\u00a0tra i vari musicisti e collaboratori che partecipano al progetto. Nato a Mesagne (BR), dopo la maturit\u00e0 scientifica, segue, nel 1998 i corsi di perfezionamento pianistico del M\u00b0 Pierluigi Camicia presso l&#8217;Accademia Phon\u00e8 di Bari. Nel 1999 consegue, presso l&#8217;Accademia Musicale Pescarese, sotto &hellip; <\/p>\n<p class=\"link-more\"><a href=\"https:\/\/www.laresistenza.it\/?page_id=234\" class=\"more-link\">Continue reading<span class=\"screen-reader-text\"> &#8220;Enrico Cervellera&#8221;<\/span><\/a><\/p>\n<p><!-- AddThis Advanced Settings generic via filter on get_the_excerpt --><!-- AddThis Share Buttons generic via filter on get_the_excerpt --><\/p>\n","protected":false},"author":1,"featured_media":0,"parent":0,"menu_order":0,"comment_status":"closed","ping_status":"closed","template":"template-full.php","meta":{"footnotes":""},"_links":{"self":[{"href":"https:\/\/www.laresistenza.it\/index.php?rest_route=\/wp\/v2\/pages\/234"}],"collection":[{"href":"https:\/\/www.laresistenza.it\/index.php?rest_route=\/wp\/v2\/pages"}],"about":[{"href":"https:\/\/www.laresistenza.it\/index.php?rest_route=\/wp\/v2\/types\/page"}],"author":[{"embeddable":true,"href":"https:\/\/www.laresistenza.it\/index.php?rest_route=\/wp\/v2\/users\/1"}],"replies":[{"embeddable":true,"href":"https:\/\/www.laresistenza.it\/index.php?rest_route=%2Fwp%2Fv2%2Fcomments&post=234"}],"version-history":[{"count":16,"href":"https:\/\/www.laresistenza.it\/index.php?rest_route=\/wp\/v2\/pages\/234\/revisions"}],"predecessor-version":[{"id":824,"href":"https:\/\/www.laresistenza.it\/index.php?rest_route=\/wp\/v2\/pages\/234\/revisions\/824"}],"wp:attachment":[{"href":"https:\/\/www.laresistenza.it\/index.php?rest_route=%2Fwp%2Fv2%2Fmedia&parent=234"}],"curies":[{"name":"wp","href":"https:\/\/api.w.org\/{rel}","templated":true}]}}

<p>Pianista, 43 anni, fonda La Resistenza il 13 ottobre 2004. Rappresenta il <em>trait d&#8217;union</em> tra i vari musicisti e collaboratori che partecipano al progetto.</p>



<div class="wp-block-media-text alignwide is-stacked-on-mobile" style="grid-template-columns:15% auto"><figure class="wp-block-media-text__media"><img loading="lazy" decoding="async" width="259" height="363" src="https://www.laresistenza.it/wp-content/uploads/2020/07/ec-2.jpg" alt="" class="wp-image-258 size-full" srcset="https://www.laresistenza.it/wp-content/uploads/2020/07/ec-2.jpg 259w, https://www.laresistenza.it/wp-content/uploads/2020/07/ec-2-214x300.jpg 214w" sizes="(max-width: 259px) 100vw, 259px" /></figure><div class="wp-block-media-text__content">
<p class="has-normal-font-size">Nato a Mesagne (BR), dopo la maturità scientifica, segue, nel 1998 i corsi di perfezionamento pianistico del M° Pierluigi Camicia presso l&#8217;Accademia Phonè di Bari. Nel 1999 consegue, presso l&#8217;Accademia Musicale Pescarese, sotto la guida del M° Piotr Lachert, il diploma biennale in &#8220;Didattica pianistica&#8221;. Nel 2000, sotto la guida del M° Rossella Ricci, si diploma col massimo dei voti in pianoforte presso l&#8217;Istituto Musicale Pareggiato di Ceglie M.ca (BR). Nel 2002, sotto la guida del Prof. Riccardo Giagni, consegue, presso l&#8217;Università degli Studi di Lecce la laurea col massimo dei voti e lode in Beni Culturali, indirizzo Beni Musicali.</p>
</div></div>



<div class="wp-block-media-text alignwide has-media-on-the-right is-stacked-on-mobile" style="grid-template-columns:auto 20%"><figure class="wp-block-media-text__media"><img loading="lazy" decoding="async" width="831" height="1024" src="https://www.laresistenza.it/wp-content/uploads/2020/07/Enrico-Cervellera-e-Teresa-De-Sio-1-831x1024.jpg" alt="" class="wp-image-244 size-full" srcset="https://www.laresistenza.it/wp-content/uploads/2020/07/Enrico-Cervellera-e-Teresa-De-Sio-1-831x1024.jpg 831w, https://www.laresistenza.it/wp-content/uploads/2020/07/Enrico-Cervellera-e-Teresa-De-Sio-1-243x300.jpg 243w, https://www.laresistenza.it/wp-content/uploads/2020/07/Enrico-Cervellera-e-Teresa-De-Sio-1-768x946.jpg 768w, https://www.laresistenza.it/wp-content/uploads/2020/07/Enrico-Cervellera-e-Teresa-De-Sio-1-1246x1536.jpg 1246w, https://www.laresistenza.it/wp-content/uploads/2020/07/Enrico-Cervellera-e-Teresa-De-Sio-1.jpg 1584w" sizes="(max-width: 831px) 100vw, 831px" /></figure><div class="wp-block-media-text__content">
<p class="has-text-align-right has-normal-font-size">Nel 2003 a Fiuggi vince il primo premio nella sezione cantautori nel concorso &#8220;Star Sprint&#8221;. Nel 2004 fonda La Resistenza, mentre consegue, presso la SSIS Puglia, l&#8217;abilitazione in Musica e Spettacolo, seguita, l&#8217;anno dopo, da quella in Sostegno. Gli studi pianistici proseguono sotto la guida del M° Giuseppe Di Chiara, mentre nel 2008, consegue, presso il Conservatorio &#8220;Tito Schipa&#8221; di Lecce, con la guida del M° Antonio Farì, il master biennale in &#8220;Management del sistema artistico e culturale&#8221;. Cresce l&#8217;attività live con La Resistenza. Le vittorie e i buoni piazzamenti in alcune competizioni musicali, portano Cervellera a collaborare con Teresa De Sio per il progetto &#8220;Riddim a Sud&#8221; e il brano &#8220;La storia del perdente&#8221;, il cui video, dei registi Michele Salvezza e Marcello Saurino, riceve diversi riconoscimenti. Nel 2010 consegue, presso il Conservatorio &#8220;T. Schipa&#8221; di Lecce, sotto la guida del M° Luigi Bubbico, il diploma triennale di Jazz.</p>
</div></div>



<div class="wp-block-media-text alignwide is-stacked-on-mobile" style="grid-template-columns:42% auto"><figure class="wp-block-media-text__media"><img loading="lazy" decoding="async" width="1280" height="720" src="https://www.laresistenza.it/wp-content/uploads/2020/07/2016-02-18-17.14.08-1.png" alt="" class="wp-image-253 size-full" srcset="https://www.laresistenza.it/wp-content/uploads/2020/07/2016-02-18-17.14.08-1.png 1280w, https://www.laresistenza.it/wp-content/uploads/2020/07/2016-02-18-17.14.08-1-300x169.png 300w, https://www.laresistenza.it/wp-content/uploads/2020/07/2016-02-18-17.14.08-1-1024x576.png 1024w, https://www.laresistenza.it/wp-content/uploads/2020/07/2016-02-18-17.14.08-1-768x432.png 768w" sizes="(max-width: 1280px) 100vw, 1280px" /></figure><div class="wp-block-media-text__content">
<p class="has-normal-font-size">Nel 2011 è in commissione agli esami di diploma di Jazz presso lo stesso Conservatorio. Dopo aver svolto intensa attività didattica nelle scuole secondarie di primo grado, passa di ruolo in Sostegno nel 2014, attività che svolge a tutt&#8217;oggi. Esperto in alcuni PON di argomento musicale, prosegue parallelamente gli studi musicali conseguendo col massimo dei voti, nel 2018, presso il Conservatorio di Lecce, sotto la guida del M° Luigi Bubbico, il Diploma di II livello in Pianoforte Jazz.</p>
</div></div>



<ul class="wp-block-social-links is-layout-flex wp-block-social-links-is-layout-flex">







</ul>



<p></p>
<!-- AddThis Advanced Settings generic via filter on the_content --><!-- AddThis Share Buttons generic via filter on the_content -->

<p>Pianista, 43 anni, fonda La Resistenza il 13 ottobre 2004. Rappresenta il trait d&#8217;union tra i vari musicisti e collaboratori che partecipano al progetto. Nato a Mesagne (BR), dopo la maturità scientifica, segue, nel 1998 i corsi di perfezionamento pianistico del M° Pierluigi Camicia presso l&#8217;Accademia Phonè di Bari. Nel 1999 consegue, presso l&#8217;Accademia Musicale Pescarese, sotto &hellip; </p>
<p class="link-more"><a href="https://www.laresistenza.it/?page_id=234" class="more-link">Continue reading<span class="screen-reader-text"> &#8220;Enrico Cervellera&#8221;</span></a></p>
<p><!-- AddThis Advanced Settings generic via filter on get_the_excerpt --><!-- AddThis Share Buttons generic via filter on get_the_excerpt --></p>
