{"id":288,"date":"2021-05-05T08:06:11","date_gmt":"2021-05-05T06:06:11","guid":{"rendered":"http:\/\/www.laresistenza.it\/?page_id=288"},"modified":"2021-05-06T07:30:31","modified_gmt":"2021-05-06T05:30:31","slug":"la-versione-del-brigante","status":"publish","type":"page","link":"https:\/\/www.laresistenza.it\/?page_id=288","title":{"rendered":"La versione del brigante"},"content":{"rendered":"<p><iframe loading=\"lazy\" width=\"100%\" height=\"166\" scrolling=\"no\" frameborder=\"no\" allow=\"autoplay\" src=\"https:\/\/w.soundcloud.com\/player\/?url=https%3A\/\/api.soundcloud.com\/tracks\/47833364&amp;color=%23ff0000&amp;auto_play=false&amp;hide_related=false&amp;show_comments=true&amp;show_user=true&amp;show_reposts=false&amp;show_teaser=true\"><\/iframe><\/p>\n\n\n\n<p>Edita nel 2011 per i 150 anni dell&#8217;Unit\u00e0 d&#8217;Italia, &#8220;La versione del brigante&#8221; racconta la storia del giovane e sfortunato Vincenzo Mazzeo Raffaele di Prezzo, mesagnese d&#8217;adozione, arruolatosi tra i briganti per fuggire la fame e le cui tracce si perdono a seguito della detenzione nel bagno penale di Genova. La canzone \u00e8 una sorta di report di quanto dichiarato dal Di Prezzo nel corso dell&#8217;interrogatorio reso al Sindaco del tempo subito dopo essere stato tratto in catene.<\/p>\n\n\n\n<h3 class=\"has-text-align-center wp-block-heading\">Testo<\/h3>\n\n\n\n<p class=\"has-text-align-center\">Mi chiamo Mazzeo Di Prezzo, di anni ventiquattro<br>Vissuto a Mesagne dall&#8217;et\u00e0 di otto<br>Qualcuno mi voglia spiegare se la fame oggi \u00e8 un delitto<br>E se \u00e8 per questo, m&#8217;ha detto, che oggi sono reietto<br>E non ho ben chiaro a quale Stato oggi risponda<br>Forse ai Borbone, forse ai Savoia<br>E non son qui per chiedere venia<br>Chiedo solo notizie di mia sorella Maria Eugenia<br>Ditele che son qui e non serbi mai rancore<br>Ditele che son morto<br>Per l&#8217;italico onore<\/p>\n\n\n\n<p class=\"has-text-align-center\">Il prezzo pagato per quello che ho detto<br>\u00c8 stato troppo per quello che ho fatto<br>Analfabeta di mano contadina<br>M&#8217;hanno chiamato &#8220;brigante&#8221; dalla sera alla mattina<br>Con altri sette erravamo per borghi<br>Ad arruolare disperati come noi<br>Renitenti e anche gente comune<br>Alla macchia solo per necessit\u00e0<\/p>\n\n\n\n<p class=\"has-text-align-center\">Dove sono le terre promesse<br>Qui le facce rimangon le stesse<br>Le gabelle si chiamano tasse<br>E di opinioni diverse<br>Son piene le fosse<\/p>\n\n\n\n<p class=\"has-text-align-center\">La storia inventata per mollare tutto<br>Credevo avrebbe sortito il suo effetto<br>La piaga marcia riaccesa dall&#8217;aceto<br>Speravo avrebbe celato il mio intimo segreto<br>Signor Sindaco son pure sposato<br>Dalla &#8220;Curdara&#8221; volevo tornar<br>Per ricucire frammenti di vita<br>Spezzata in due da questa Unit\u00e0<\/p>\n\n\n\n<p class=\"has-text-align-center\">Unit\u00e0 che in realt\u00e0 a tutto cambia nome<br>E il nobile ad un tratto diventa padrone<br>I regni, si svegli, a guardare sino in fondo<br>Altro non sono che il latifondo<br>La Chiesa, fatta di gente perbene<br>Va d&#8217;accordo con chiunque \u00e8 al potere<br>E gli ultimi, gli umili, chi ha poco da sempre<br>Da sempre aspetta che tocchi alla gente<\/p>\n\n\n\n<p class=\"has-text-align-center\">Nulla di pi\u00f9 di quanto era stato promesso<br>Prima che il Meridione fosse annesso<br>Prima che scoppiasse la guerra chiamata civile<br>Prima che io morissi in un bagno penale<br>Non chiamatela delinquenza comune<br>Che un popolo si ribella non per suo costume<br>Sempre vittima dell&#8217;umana vanagloria<br>Tu invece copertina di un libro di storia<\/p>\n\n\n\n<p class=\"has-text-align-center\">Dove sono le terre promesse<br>Qui le facce rimangon le stesse<br>Le gabelle si chiamano tasse<br>E di opinioni diverse son piene le fosse<br>Il brigante ha una sola certezza<br>Della vita o di ci\u00f2 che ne resta<br>Che in realt\u00e0 tutto deve cambiare<br>Tutto deve cambiare<\/p>\n\n\n\n<p class=\"has-text-align-center\">Dove sono le terre promesse<br>Qui le facce rimangon le stesse<br>Le gabelle si chiamano tasse<br>E di opinioni diverse son piene le fosse<br>Il brigante ha una sola certezza<br>Della vita o di ci\u00f2 che ne resta<br>Che in realt\u00e0 tutto deve cambiare<br>Per restare uguale<\/p>\n<!-- AddThis Advanced Settings generic via filter on the_content --><!-- AddThis Share Buttons generic via filter on the_content -->","protected":false},"excerpt":{"rendered":"<p>Edita nel 2011 per i 150 anni dell&#8217;Unit\u00e0 d&#8217;Italia, &#8220;La versione del brigante&#8221; racconta la storia del giovane e sfortunato Vincenzo Mazzeo Raffaele di Prezzo, mesagnese d&#8217;adozione, arruolatosi tra i briganti per fuggire la fame e le cui tracce si perdono a seguito della detenzione nel bagno penale di Genova. La canzone \u00e8 una sorta &hellip; <\/p>\n<p class=\"link-more\"><a href=\"https:\/\/www.laresistenza.it\/?page_id=288\" class=\"more-link\">Continue reading<span class=\"screen-reader-text\"> &#8220;La versione del brigante&#8221;<\/span><\/a><\/p>\n<p><!-- AddThis Advanced Settings generic via filter on get_the_excerpt --><!-- AddThis Share Buttons generic via filter on get_the_excerpt --><\/p>\n","protected":false},"author":1,"featured_media":0,"parent":0,"menu_order":0,"comment_status":"closed","ping_status":"closed","template":"","meta":{"footnotes":""},"_links":{"self":[{"href":"https:\/\/www.laresistenza.it\/index.php?rest_route=\/wp\/v2\/pages\/288"}],"collection":[{"href":"https:\/\/www.laresistenza.it\/index.php?rest_route=\/wp\/v2\/pages"}],"about":[{"href":"https:\/\/www.laresistenza.it\/index.php?rest_route=\/wp\/v2\/types\/page"}],"author":[{"embeddable":true,"href":"https:\/\/www.laresistenza.it\/index.php?rest_route=\/wp\/v2\/users\/1"}],"replies":[{"embeddable":true,"href":"https:\/\/www.laresistenza.it\/index.php?rest_route=%2Fwp%2Fv2%2Fcomments&post=288"}],"version-history":[{"count":6,"href":"https:\/\/www.laresistenza.it\/index.php?rest_route=\/wp\/v2\/pages\/288\/revisions"}],"predecessor-version":[{"id":304,"href":"https:\/\/www.laresistenza.it\/index.php?rest_route=\/wp\/v2\/pages\/288\/revisions\/304"}],"wp:attachment":[{"href":"https:\/\/www.laresistenza.it\/index.php?rest_route=%2Fwp%2Fv2%2Fmedia&parent=288"}],"curies":[{"name":"wp","href":"https:\/\/api.w.org\/{rel}","templated":true}]}}

<p><iframe loading="lazy" width="100%" height="166" scrolling="no" frameborder="no" allow="autoplay" src="https://w.soundcloud.com/player/?url=https%3A//api.soundcloud.com/tracks/47833364&amp;color=%23ff0000&amp;auto_play=false&amp;hide_related=false&amp;show_comments=true&amp;show_user=true&amp;show_reposts=false&amp;show_teaser=true"></iframe></p>



<p>Edita nel 2011 per i 150 anni dell&#8217;Unità d&#8217;Italia, &#8220;La versione del brigante&#8221; racconta la storia del giovane e sfortunato Vincenzo Mazzeo Raffaele di Prezzo, mesagnese d&#8217;adozione, arruolatosi tra i briganti per fuggire la fame e le cui tracce si perdono a seguito della detenzione nel bagno penale di Genova. La canzone è una sorta di report di quanto dichiarato dal Di Prezzo nel corso dell&#8217;interrogatorio reso al Sindaco del tempo subito dopo essere stato tratto in catene.</p>



<h3 class="has-text-align-center wp-block-heading">Testo</h3>



<p class="has-text-align-center">Mi chiamo Mazzeo Di Prezzo, di anni ventiquattro<br>Vissuto a Mesagne dall&#8217;età di otto<br>Qualcuno mi voglia spiegare se la fame oggi è un delitto<br>E se è per questo, m&#8217;ha detto, che oggi sono reietto<br>E non ho ben chiaro a quale Stato oggi risponda<br>Forse ai Borbone, forse ai Savoia<br>E non son qui per chiedere venia<br>Chiedo solo notizie di mia sorella Maria Eugenia<br>Ditele che son qui e non serbi mai rancore<br>Ditele che son morto<br>Per l&#8217;italico onore</p>



<p class="has-text-align-center">Il prezzo pagato per quello che ho detto<br>È stato troppo per quello che ho fatto<br>Analfabeta di mano contadina<br>M&#8217;hanno chiamato &#8220;brigante&#8221; dalla sera alla mattina<br>Con altri sette erravamo per borghi<br>Ad arruolare disperati come noi<br>Renitenti e anche gente comune<br>Alla macchia solo per necessità</p>



<p class="has-text-align-center">Dove sono le terre promesse<br>Qui le facce rimangon le stesse<br>Le gabelle si chiamano tasse<br>E di opinioni diverse<br>Son piene le fosse</p>



<p class="has-text-align-center">La storia inventata per mollare tutto<br>Credevo avrebbe sortito il suo effetto<br>La piaga marcia riaccesa dall&#8217;aceto<br>Speravo avrebbe celato il mio intimo segreto<br>Signor Sindaco son pure sposato<br>Dalla &#8220;Curdara&#8221; volevo tornar<br>Per ricucire frammenti di vita<br>Spezzata in due da questa Unità</p>



<p class="has-text-align-center">Unità che in realtà a tutto cambia nome<br>E il nobile ad un tratto diventa padrone<br>I regni, si svegli, a guardare sino in fondo<br>Altro non sono che il latifondo<br>La Chiesa, fatta di gente perbene<br>Va d&#8217;accordo con chiunque è al potere<br>E gli ultimi, gli umili, chi ha poco da sempre<br>Da sempre aspetta che tocchi alla gente</p>



<p class="has-text-align-center">Nulla di più di quanto era stato promesso<br>Prima che il Meridione fosse annesso<br>Prima che scoppiasse la guerra chiamata civile<br>Prima che io morissi in un bagno penale<br>Non chiamatela delinquenza comune<br>Che un popolo si ribella non per suo costume<br>Sempre vittima dell&#8217;umana vanagloria<br>Tu invece copertina di un libro di storia</p>



<p class="has-text-align-center">Dove sono le terre promesse<br>Qui le facce rimangon le stesse<br>Le gabelle si chiamano tasse<br>E di opinioni diverse son piene le fosse<br>Il brigante ha una sola certezza<br>Della vita o di ciò che ne resta<br>Che in realtà tutto deve cambiare<br>Tutto deve cambiare</p>



<p class="has-text-align-center">Dove sono le terre promesse<br>Qui le facce rimangon le stesse<br>Le gabelle si chiamano tasse<br>E di opinioni diverse son piene le fosse<br>Il brigante ha una sola certezza<br>Della vita o di ciò che ne resta<br>Che in realtà tutto deve cambiare<br>Per restare uguale</p>
<!-- AddThis Advanced Settings generic via filter on the_content --><!-- AddThis Share Buttons generic via filter on the_content -->

<p>Edita nel 2011 per i 150 anni dell&#8217;Unità d&#8217;Italia, &#8220;La versione del brigante&#8221; racconta la storia del giovane e sfortunato Vincenzo Mazzeo Raffaele di Prezzo, mesagnese d&#8217;adozione, arruolatosi tra i briganti per fuggire la fame e le cui tracce si perdono a seguito della detenzione nel bagno penale di Genova. La canzone è una sorta &hellip; </p>
<p class="link-more"><a href="https://www.laresistenza.it/?page_id=288" class="more-link">Continue reading<span class="screen-reader-text"> &#8220;La versione del brigante&#8221;</span></a></p>
<p><!-- AddThis Advanced Settings generic via filter on get_the_excerpt --><!-- AddThis Share Buttons generic via filter on get_the_excerpt --></p>
