{"id":307,"date":"2021-05-05T19:07:39","date_gmt":"2021-05-05T17:07:39","guid":{"rendered":"http:\/\/www.laresistenza.it\/?page_id=307"},"modified":"2021-05-06T07:38:48","modified_gmt":"2021-05-06T05:38:48","slug":"la-storia-del-perdente","status":"publish","type":"page","link":"https:\/\/www.laresistenza.it\/?page_id=307","title":{"rendered":"La storia del perdente"},"content":{"rendered":"<p><iframe loading=\"lazy\" width=\"100%\" height=\"166\" scrolling=\"no\" frameborder=\"no\" allow=\"autoplay\" src=\"https:\/\/w.soundcloud.com\/player\/?url=https%3A\/\/api.soundcloud.com\/tracks\/48223979&amp;color=%23ff5500&amp;auto_play=false&amp;hide_related=false&amp;show_comments=true&amp;show_user=true&amp;show_reposts=false&amp;show_teaser=true\"><\/iframe><\/p>\n\n\n\n<p>Nata dalla collaborazione con Teresa De Sio per il progetto Riddim a Sud, La storia del perdente racconta la vicenda di un uomo il quale rientrato a casa non trova pi\u00f9 moglie e figlio, vittima di un&#8217;imboscata. Le tracce della strage, per\u00f2, sono salve grazie al rinvenimento di una fotocamera contente le immagini scattate da un eroico fotografo, anch&#8217;esso poi giustiziato al commando.<\/p>\n\n\n\n<h4 class=\"has-text-align-center wp-block-heading\">Testo<\/h4>\n\n\n\n<p class=\"has-text-align-center\">Oscurarono anzitempo<br>La terra e il cielo<br>dense colonne e altissime<br>Di fumo nero<br>Pur risalendo il fiume<br>Remando senza fiato<br>M&#8217;apparve il mio villaggio<br>Che tutto era finito<br>Se non fa prigionieri<br>\u00c8 un lavoro &#8220;riuscito&#8221;<br>Se uccide i testimoni<br>\u00c8 un lavoro &#8220;pulito&#8221;<br><br>Della mia casa non restava<br>Che un tizzone fumante<br>Unico figlio vivo<br>Delle bombe intelligenti<br>Che in nome della pace<br>Ammazzan tutti quanti<br>Che ammazzan tutti quanti<br>Per stanar due dissidenti<br>Ma sono queste azioni<br>Che gettano il seme<br>Di faide infinite<br>Fra il male ed il bene<br><br>La storia \u00e8 scritta<br>Sempre e solo dal vincitore<br>Che parla solamente<br>E parla solo di vittorie<br>Un giorno la scrivesse<br>Un perdente<br>Non dico uno qualunque<br>Dico uno della gente<br><br>Della notizia ci fu appena<br>Un breve lancio d&#8217;agenzia<br>Stringato e fuorviante<br>Com&#8217;\u00e8 solo una bugia<br>Parlava di ribelli<br>E di presunti terroristi<br>Taceva della strage<br>E non svelava i suoi mandanti<br>Chiamando \u201catto dovuto\u201d<br>Un&#8217;assurda mattanza<br>Metteva le catene<br>Alla libera stampa<br><br>Pensando tutto procedesse<br>Secondo programma<br>Fecero male i conti<br>Con la cabala e il mio karma<br>Io l\u00ec non sono morto<br>Io s\u00ec mi son salvato<br>Io di tremila creoli<br>Sono il sopravvissuto<br>Uomo occidentale<br>Ora il velo \u00e8 caduto,<br>Ascolta la mia storia<br>Rifletti e stai muto<\/p>\n\n\n\n<p class=\"has-text-align-center\">La storia \u00e8 scritta<br>Sempre e solo dal vincitore<br>Che parla solamente<br>E parla solo di vittorie<br>Un giorno la scrivesse<br>Un perdente<br>Non dico uno qualunque<br>Dico uno della gente<br><br>Un giorno la storia<br>La scriva anche un perdente<br>E che parli per tutti<br>A nome della gente<br>A nome della gente<\/p>\n\n\n\n<p><\/p>\n<!-- AddThis Advanced Settings generic via filter on the_content --><!-- AddThis Share Buttons generic via filter on the_content -->","protected":false},"excerpt":{"rendered":"<p>Nata dalla collaborazione con Teresa De Sio per il progetto Riddim a Sud, La storia del perdente racconta la vicenda di un uomo il quale rientrato a casa non trova pi\u00f9 moglie e figlio, vittima di un&#8217;imboscata. Le tracce della strage, per\u00f2, sono salve grazie al rinvenimento di una fotocamera contente le immagini scattate da &hellip; <\/p>\n<p class=\"link-more\"><a href=\"https:\/\/www.laresistenza.it\/?page_id=307\" class=\"more-link\">Continue reading<span class=\"screen-reader-text\"> &#8220;La storia del perdente&#8221;<\/span><\/a><\/p>\n<p><!-- AddThis Advanced Settings generic via filter on get_the_excerpt --><!-- AddThis Share Buttons generic via filter on get_the_excerpt --><\/p>\n","protected":false},"author":1,"featured_media":0,"parent":0,"menu_order":0,"comment_status":"closed","ping_status":"closed","template":"","meta":{"footnotes":""},"_links":{"self":[{"href":"https:\/\/www.laresistenza.it\/index.php?rest_route=\/wp\/v2\/pages\/307"}],"collection":[{"href":"https:\/\/www.laresistenza.it\/index.php?rest_route=\/wp\/v2\/pages"}],"about":[{"href":"https:\/\/www.laresistenza.it\/index.php?rest_route=\/wp\/v2\/types\/page"}],"author":[{"embeddable":true,"href":"https:\/\/www.laresistenza.it\/index.php?rest_route=\/wp\/v2\/users\/1"}],"replies":[{"embeddable":true,"href":"https:\/\/www.laresistenza.it\/index.php?rest_route=%2Fwp%2Fv2%2Fcomments&post=307"}],"version-history":[{"count":3,"href":"https:\/\/www.laresistenza.it\/index.php?rest_route=\/wp\/v2\/pages\/307\/revisions"}],"predecessor-version":[{"id":312,"href":"https:\/\/www.laresistenza.it\/index.php?rest_route=\/wp\/v2\/pages\/307\/revisions\/312"}],"wp:attachment":[{"href":"https:\/\/www.laresistenza.it\/index.php?rest_route=%2Fwp%2Fv2%2Fmedia&parent=307"}],"curies":[{"name":"wp","href":"https:\/\/api.w.org\/{rel}","templated":true}]}}

<p><iframe loading="lazy" width="100%" height="166" scrolling="no" frameborder="no" allow="autoplay" src="https://w.soundcloud.com/player/?url=https%3A//api.soundcloud.com/tracks/48223979&amp;color=%23ff5500&amp;auto_play=false&amp;hide_related=false&amp;show_comments=true&amp;show_user=true&amp;show_reposts=false&amp;show_teaser=true"></iframe></p>



<p>Nata dalla collaborazione con Teresa De Sio per il progetto Riddim a Sud, La storia del perdente racconta la vicenda di un uomo il quale rientrato a casa non trova più moglie e figlio, vittima di un&#8217;imboscata. Le tracce della strage, però, sono salve grazie al rinvenimento di una fotocamera contente le immagini scattate da un eroico fotografo, anch&#8217;esso poi giustiziato al commando.</p>



<h4 class="has-text-align-center wp-block-heading">Testo</h4>



<p class="has-text-align-center">Oscurarono anzitempo<br>La terra e il cielo<br>dense colonne e altissime<br>Di fumo nero<br>Pur risalendo il fiume<br>Remando senza fiato<br>M&#8217;apparve il mio villaggio<br>Che tutto era finito<br>Se non fa prigionieri<br>È un lavoro &#8220;riuscito&#8221;<br>Se uccide i testimoni<br>È un lavoro &#8220;pulito&#8221;<br><br>Della mia casa non restava<br>Che un tizzone fumante<br>Unico figlio vivo<br>Delle bombe intelligenti<br>Che in nome della pace<br>Ammazzan tutti quanti<br>Che ammazzan tutti quanti<br>Per stanar due dissidenti<br>Ma sono queste azioni<br>Che gettano il seme<br>Di faide infinite<br>Fra il male ed il bene<br><br>La storia è scritta<br>Sempre e solo dal vincitore<br>Che parla solamente<br>E parla solo di vittorie<br>Un giorno la scrivesse<br>Un perdente<br>Non dico uno qualunque<br>Dico uno della gente<br><br>Della notizia ci fu appena<br>Un breve lancio d&#8217;agenzia<br>Stringato e fuorviante<br>Com&#8217;è solo una bugia<br>Parlava di ribelli<br>E di presunti terroristi<br>Taceva della strage<br>E non svelava i suoi mandanti<br>Chiamando “atto dovuto”<br>Un&#8217;assurda mattanza<br>Metteva le catene<br>Alla libera stampa<br><br>Pensando tutto procedesse<br>Secondo programma<br>Fecero male i conti<br>Con la cabala e il mio karma<br>Io lì non sono morto<br>Io sì mi son salvato<br>Io di tremila creoli<br>Sono il sopravvissuto<br>Uomo occidentale<br>Ora il velo è caduto,<br>Ascolta la mia storia<br>Rifletti e stai muto</p>



<p class="has-text-align-center">La storia è scritta<br>Sempre e solo dal vincitore<br>Che parla solamente<br>E parla solo di vittorie<br>Un giorno la scrivesse<br>Un perdente<br>Non dico uno qualunque<br>Dico uno della gente<br><br>Un giorno la storia<br>La scriva anche un perdente<br>E che parli per tutti<br>A nome della gente<br>A nome della gente</p>



<p></p>
<!-- AddThis Advanced Settings generic via filter on the_content --><!-- AddThis Share Buttons generic via filter on the_content -->

<p>Nata dalla collaborazione con Teresa De Sio per il progetto Riddim a Sud, La storia del perdente racconta la vicenda di un uomo il quale rientrato a casa non trova più moglie e figlio, vittima di un&#8217;imboscata. Le tracce della strage, però, sono salve grazie al rinvenimento di una fotocamera contente le immagini scattate da &hellip; </p>
<p class="link-more"><a href="https://www.laresistenza.it/?page_id=307" class="more-link">Continue reading<span class="screen-reader-text"> &#8220;La storia del perdente&#8221;</span></a></p>
<p><!-- AddThis Advanced Settings generic via filter on get_the_excerpt --><!-- AddThis Share Buttons generic via filter on get_the_excerpt --></p>
