{"id":440,"date":"2021-06-15T19:37:51","date_gmt":"2021-06-15T17:37:51","guid":{"rendered":"http:\/\/www.laresistenza.it\/?page_id=440"},"modified":"2024-09-29T10:51:22","modified_gmt":"2024-09-29T08:51:22","slug":"pasqua-malinconica","status":"publish","type":"page","link":"https:\/\/www.laresistenza.it\/?page_id=440","title":{"rendered":"Pasqua malinconica"},"content":{"rendered":"\n<figure class=\"wp-block-embed is-type-video is-provider-youtube wp-block-embed-youtube wp-embed-aspect-16-9 wp-has-aspect-ratio\"><div class=\"wp-block-embed__wrapper\">\n<iframe loading=\"lazy\" title=\"La Resistenza - Pasqua Malinconica (Videoclip ufficiale)\" width=\"760\" height=\"428\" src=\"https:\/\/www.youtube.com\/embed\/FJw6jb0nSEs?feature=oembed\" frameborder=\"0\" allow=\"accelerometer; autoplay; clipboard-write; encrypted-media; gyroscope; picture-in-picture; web-share\" referrerpolicy=\"strict-origin-when-cross-origin\" allowfullscreen><\/iframe>\n<\/div><\/figure>\n\n\n\n<p>Resistere in questa congiuntura (economica, sociale e culturale) si pu\u00f2. O almeno si pu\u00f2 provare. Cominciamo da un sorriso, a denti stretti, e godiamoci questa.. Pasqua Malinconica.<\/p>\n\n\n\n<h4 class=\"wp-block-heading has-text-align-center\">Testo<\/h4>\n\n\n\n<p class=\"has-text-align-center\"><em>Pasqua malinconica<\/em><\/p>\n\n\n\n<p class=\"has-text-align-center\">Una Pasqua malinconica<br>Forse forse poco alcolica<br>Passata in casa sul divano<br>Cercando invano la tua mano<\/p>\n\n\n\n<p class=\"has-text-align-center\">Fra i banconi si pu\u00f2 stare<br>Distanziati a pregare<br>Il teatro invece no<br>Quello s\u00ec pu\u00f2 aspettare<br>Per star sicuro<br>Ho fatto jogging<br>Andando in chiesa<br>E poi dritti a far la spesa<br>Ci vediamo tutti l\u00ec<\/p>\n\n\n\n<p class=\"has-text-align-center\">Una Pasqua malinconica<br>Rester\u00e0 per sempre iconica<br>Coi ricchi in giro per il mondo<br>E noi qui a grattare il fondo<br>Con le promesse inevase<br>Gli esperti sempre in disaccordo<br>Forse anche tu si sarai accorto<br>\u00c8 solo un fatto che riporto<\/p>\n\n\n\n<p class=\"has-text-align-center\">Avevi detto &#8220;distanti&#8221;<br>Per abbracciarci domani<br>Solo un inganno d&#8217;amore<br>Per stare qui ad aspettarti<br>Libert\u00e0 va cercando<br>Che \u00e8 si cara<br>Come sa a chi per lei<br>vita rifiuta<\/p>\n\n\n\n<p class=\"has-text-align-center\">Catia non puoi dire che<br>Non sia dedicata a te<br>Come vedi c&#8217;\u00e8 il tuo nome<br>Parla di te questa canzone<br>Per spezzare<br>In farmacia<br>Per 2 aspirine<br>E poi fila mascherine<br>Ci vediamo tutti l\u00ec<\/p>\n\n\n\n<p class=\"has-text-align-center\">Una Pasqua malinconica<br>Una canzone forse atipica<br>La colomba al Baylis mitica<br>Una posa un alquanto statica<br>Una Pasqua malinconica<br>In tenuta adamitica<br>Le tue accuse sulla musica<br>Mentre provo a fare pratica<br>Una Pasqua malinconica<br>Spero letta come ironica<br>Una pausa forse comica<br>In una situazione tragica<\/p>\n\n\n\n<h3 class=\"wp-block-heading\">CreditS<\/h3>\n\n\n\n<p>Testo e Musica: <a href=\"https:\/\/www.laresistenza.it\/?page_id=234\">Enrico Cervellera<\/a><\/p>\n\n\n\n<p><a href=\"https:\/\/www.laresistenza.it\/?page_id=234\" data-type=\"link\" data-id=\"https:\/\/www.laresistenza.it\/?page_id=234\">Enrico Cervellera<\/a>:<br>Voce, Piano, Chitarra, Basso elettronico, Backing Vocals, Programming, Riprese, Mix, Mastering<\/p>\n\n\n\n<p><a href=\"https:\/\/www.laresistenza.it\/?page_id=789\">Patrizio PAT Calia<\/a>:<br>Percussioni elettroniche<\/p>\n\n\n\n<p><\/p>\n<!-- AddThis Advanced Settings generic via filter on the_content --><!-- AddThis Share Buttons generic via filter on the_content -->","protected":false},"excerpt":{"rendered":"<p>Resistere in questa congiuntura (economica, sociale e culturale) si pu\u00f2. O almeno si pu\u00f2 provare. Cominciamo da un sorriso, a denti stretti, e godiamoci questa.. Pasqua Malinconica. Testo Pasqua malinconica Una Pasqua malinconicaForse forse poco alcolicaPassata in casa sul divanoCercando invano la tua mano Fra i banconi si pu\u00f2 stareDistanziati a pregareIl teatro invece noQuello &hellip; <\/p>\n<p class=\"link-more\"><a href=\"https:\/\/www.laresistenza.it\/?page_id=440\" class=\"more-link\">Continue reading<span class=\"screen-reader-text\"> &#8220;Pasqua malinconica&#8221;<\/span><\/a><\/p>\n<p><!-- AddThis Advanced Settings generic via filter on get_the_excerpt --><!-- AddThis Share Buttons generic via filter on get_the_excerpt --><\/p>\n","protected":false},"author":1,"featured_media":864,"parent":103,"menu_order":0,"comment_status":"closed","ping_status":"closed","template":"","meta":{"footnotes":""},"_links":{"self":[{"href":"https:\/\/www.laresistenza.it\/index.php?rest_route=\/wp\/v2\/pages\/440"}],"collection":[{"href":"https:\/\/www.laresistenza.it\/index.php?rest_route=\/wp\/v2\/pages"}],"about":[{"href":"https:\/\/www.laresistenza.it\/index.php?rest_route=\/wp\/v2\/types\/page"}],"author":[{"embeddable":true,"href":"https:\/\/www.laresistenza.it\/index.php?rest_route=\/wp\/v2\/users\/1"}],"replies":[{"embeddable":true,"href":"https:\/\/www.laresistenza.it\/index.php?rest_route=%2Fwp%2Fv2%2Fcomments&post=440"}],"version-history":[{"count":6,"href":"https:\/\/www.laresistenza.it\/index.php?rest_route=\/wp\/v2\/pages\/440\/revisions"}],"predecessor-version":[{"id":998,"href":"https:\/\/www.laresistenza.it\/index.php?rest_route=\/wp\/v2\/pages\/440\/revisions\/998"}],"up":[{"embeddable":true,"href":"https:\/\/www.laresistenza.it\/index.php?rest_route=\/wp\/v2\/pages\/103"}],"wp:featuredmedia":[{"embeddable":true,"href":"https:\/\/www.laresistenza.it\/index.php?rest_route=\/wp\/v2\/media\/864"}],"wp:attachment":[{"href":"https:\/\/www.laresistenza.it\/index.php?rest_route=%2Fwp%2Fv2%2Fmedia&parent=440"}],"curies":[{"name":"wp","href":"https:\/\/api.w.org\/{rel}","templated":true}]}}