{"id":563,"date":"2021-07-07T22:01:37","date_gmt":"2021-07-07T20:01:37","guid":{"rendered":"http:\/\/www.laresistenza.it\/?page_id=563"},"modified":"2021-07-08T17:35:17","modified_gmt":"2021-07-08T15:35:17","slug":"damiano-rielli","status":"publish","type":"page","link":"https:\/\/www.laresistenza.it\/?page_id=563","title":{"rendered":"Damiano Rielli"},"content":{"rendered":"\n<figure class=\"wp-block-image size-large\"><img loading=\"lazy\" decoding=\"async\" width=\"960\" height=\"720\" src=\"https:\/\/www.laresistenza.it\/wp-content\/uploads\/2021\/07\/Damiano-Rielli-from-La-Resistenza-2.jpg\" alt=\"Damiano Rielli\" class=\"wp-image-564\" srcset=\"https:\/\/www.laresistenza.it\/wp-content\/uploads\/2021\/07\/Damiano-Rielli-from-La-Resistenza-2.jpg 960w, https:\/\/www.laresistenza.it\/wp-content\/uploads\/2021\/07\/Damiano-Rielli-from-La-Resistenza-2-300x225.jpg 300w, https:\/\/www.laresistenza.it\/wp-content\/uploads\/2021\/07\/Damiano-Rielli-from-La-Resistenza-2-768x576.jpg 768w\" sizes=\"(max-width: 960px) 100vw, 960px\" \/><figcaption>Damiano Rielli in live con La Resistenza<\/figcaption><\/figure>\n\n\n\n<p>La conoscenza con Enrico si perde nella notte dei tempi. E cos\u00ec l&#8217;amicizia e la stima musicale reciproche. I due si incontrano di tanto in tanto, molto cordialmente, quando un giorno Enrico suona alla porta di Damiano chiedendogli di contribuire a La Resistenza.<\/p>\n\n\n\n<p>Non se lo fa ripetere due volte, Damiano \u00e8 dentro. Ed \u00e8 questa l&#8217;occasione giusta per principiare un rapporto di collaborazione ed amicizia unico nella storia de La Resistenza. I due si chiuduno in studio, letteralmente, nel mitico ResiX di Francesco Scoditti. E producono musica, si preparano per una serie di live che restano storia del progetto. Nascono <a rel=\"noreferrer noopener\" href=\"https:\/\/www.youtube.com\/watch?v=7PdgDkH6FAQ\" target=\"_blank\">Musica<\/a>, <a rel=\"noreferrer noopener\" href=\"https:\/\/www.youtube.com\/watch?v=zxCjm8_LCIo\" target=\"_blank\">Non credere<\/a> e poi ci sono le esibizioni <a rel=\"noreferrer noopener\" href=\"https:\/\/www.youtube.com\/watch?v=Wu4xQvts-Rg\" target=\"_blank\">in Albania<\/a> e <a rel=\"noreferrer noopener\" href=\"https:\/\/www.youtube.com\/watch?v=WT-MrXBSQfw\" target=\"_blank\">in radio<\/a>. Una vita. Damiano nel 2015 sceglie di tornare alla sua passione prima, al metal, lasciando di fatto La Resistenza. Ma regalando un contributo unico e indelebile per il sound e la piccola e umile storia di questo progetto musicale.<\/p>\n\n\n\n<p>Nato a Mesagne nel 1979, Damiano inizia lo studio della batteria da autodidatta per poi studiare con Camillo Fasulo, maestro della scuola di musica &#8220;G. Frescobaldi&#8221; di Brindisi. Gi\u00e0 batterista degli S.A.O.H., esprime la sua migliore vena nelle ritmiche serrate del metal, senza disdegnare sonorit\u00e0 pi\u00f9 soft, sempre stilizzate e cariche di groove. Dopo l&#8217;esperienza con i Defenders of the faith, le bacchette di Damiano incrociano i roventi plettri dei Burning Seas di Gianluca &#8220;Pescecane&#8221; Farina e Domenico &#8220;Mimmo&#8221; De Cesare dei Burning Seas, storica band salentina. Gi\u00e0 alla batteria per i Little Italy, Damiano partecipa ai progetti Leta, Ghost of Mary, Christine IX e T-34, tagliando importanti traguardi.<\/p>\n\n\n\n<figure class=\"wp-block-gallery columns-3 is-cropped wp-block-gallery-1 is-layout-flex wp-block-gallery-is-layout-flex\"><ul class=\"blocks-gallery-grid\"><li class=\"blocks-gallery-item\"><figure><img loading=\"lazy\" decoding=\"async\" width=\"960\" height=\"720\" src=\"https:\/\/www.laresistenza.it\/wp-content\/uploads\/2021\/07\/Damiano-Rielli-from-La-Resistenza-2.jpg\" alt=\"Damiano Rielli\" data-id=\"564\" data-full-url=\"https:\/\/www.laresistenza.it\/wp-content\/uploads\/2021\/07\/Damiano-Rielli-from-La-Resistenza-2.jpg\" data-link=\"https:\/\/www.laresistenza.it\/?attachment_id=564\" class=\"wp-image-564\" srcset=\"https:\/\/www.laresistenza.it\/wp-content\/uploads\/2021\/07\/Damiano-Rielli-from-La-Resistenza-2.jpg 960w, https:\/\/www.laresistenza.it\/wp-content\/uploads\/2021\/07\/Damiano-Rielli-from-La-Resistenza-2-300x225.jpg 300w, https:\/\/www.laresistenza.it\/wp-content\/uploads\/2021\/07\/Damiano-Rielli-from-La-Resistenza-2-768x576.jpg 768w\" sizes=\"(max-width: 960px) 100vw, 960px\" \/><\/figure><\/li><li class=\"blocks-gallery-item\"><figure><img loading=\"lazy\" decoding=\"async\" width=\"720\" height=\"540\" src=\"https:\/\/www.laresistenza.it\/wp-content\/uploads\/2021\/07\/Damiano-Rielli-from-La-Resistenza-1.jpg\" alt=\"Damiano Rielli\" data-id=\"565\" data-full-url=\"https:\/\/www.laresistenza.it\/wp-content\/uploads\/2021\/07\/Damiano-Rielli-from-La-Resistenza-1.jpg\" data-link=\"https:\/\/www.laresistenza.it\/?attachment_id=565\" class=\"wp-image-565\" srcset=\"https:\/\/www.laresistenza.it\/wp-content\/uploads\/2021\/07\/Damiano-Rielli-from-La-Resistenza-1.jpg 720w, https:\/\/www.laresistenza.it\/wp-content\/uploads\/2021\/07\/Damiano-Rielli-from-La-Resistenza-1-300x225.jpg 300w\" sizes=\"(max-width: 720px) 100vw, 720px\" \/><\/figure><\/li><li class=\"blocks-gallery-item\"><figure><img loading=\"lazy\" decoding=\"async\" width=\"480\" height=\"720\" src=\"https:\/\/www.laresistenza.it\/wp-content\/uploads\/2021\/07\/Damiano-RIelli.png\" alt=\"Damiano Rielli\" data-id=\"566\" data-full-url=\"https:\/\/www.laresistenza.it\/wp-content\/uploads\/2021\/07\/Damiano-RIelli.png\" data-link=\"https:\/\/www.laresistenza.it\/?attachment_id=566\" class=\"wp-image-566\" srcset=\"https:\/\/www.laresistenza.it\/wp-content\/uploads\/2021\/07\/Damiano-RIelli.png 480w, https:\/\/www.laresistenza.it\/wp-content\/uploads\/2021\/07\/Damiano-RIelli-200x300.png 200w\" sizes=\"(max-width: 480px) 100vw, 480px\" \/><\/figure><\/li><\/ul><figcaption class=\"blocks-gallery-caption\">Damiano Rielli alla drum<\/figcaption><\/figure>\n\n\n\n<h4 class=\"wp-block-heading\">Alcuni video con Damiano<\/h4>\n\n\n\n<figure class=\"wp-block-embed is-type-video is-provider-youtube wp-block-embed-youtube wp-embed-aspect-16-9 wp-has-aspect-ratio\"><div class=\"wp-block-embed__wrapper\">\n<iframe loading=\"lazy\" title=\"La Resistenza - Damiano Rielli Drum Session (Rec wt new phones) HD\" width=\"760\" height=\"428\" src=\"https:\/\/www.youtube.com\/embed\/67DNPE7cPqA?feature=oembed\" frameborder=\"0\" allow=\"accelerometer; autoplay; clipboard-write; encrypted-media; gyroscope; picture-in-picture\" allowfullscreen><\/iframe>\n<\/div><\/figure>\n\n\n\n<figure class=\"wp-block-embed is-type-video is-provider-youtube wp-block-embed-youtube wp-embed-aspect-4-3 wp-has-aspect-ratio\"><div class=\"wp-block-embed__wrapper\">\n<iframe loading=\"lazy\" title=\"La Resistenza - Astore intervista Cervellera e Rielli (Quarto Canale Radio, 25\/01\/14)\" width=\"760\" height=\"570\" src=\"https:\/\/www.youtube.com\/embed\/4BH287FLEgw?start=1&#038;feature=oembed\" frameborder=\"0\" allow=\"accelerometer; autoplay; clipboard-write; encrypted-media; gyroscope; picture-in-picture\" allowfullscreen><\/iframe>\n<\/div><\/figure>\n\n\n\n<figure class=\"wp-block-embed is-type-video is-provider-youtube wp-block-embed-youtube wp-embed-aspect-16-9 wp-has-aspect-ratio\"><div class=\"wp-block-embed__wrapper\">\n<iframe loading=\"lazy\" title=\"La Resistenza - NON CREDERE [ Videoclip Ufficiale ]\" width=\"760\" height=\"428\" src=\"https:\/\/www.youtube.com\/embed\/zxCjm8_LCIo?feature=oembed\" frameborder=\"0\" allow=\"accelerometer; autoplay; clipboard-write; encrypted-media; gyroscope; picture-in-picture\" allowfullscreen><\/iframe>\n<\/div><\/figure>\n\n\n\n<figure class=\"wp-block-embed is-type-video is-provider-youtube wp-block-embed-youtube wp-embed-aspect-16-9 wp-has-aspect-ratio\"><div class=\"wp-block-embed__wrapper\">\n<iframe loading=\"lazy\" title=\"La Resistenza ft. Risonanze Folk - Bella Ciao\" width=\"760\" height=\"428\" src=\"https:\/\/www.youtube.com\/embed\/J5kKVKdrACk?feature=oembed\" frameborder=\"0\" allow=\"accelerometer; autoplay; clipboard-write; encrypted-media; gyroscope; picture-in-picture\" allowfullscreen><\/iframe>\n<\/div><\/figure>\n\n\n\n<figure class=\"wp-block-embed is-type-video is-provider-youtube wp-block-embed-youtube wp-embed-aspect-16-9 wp-has-aspect-ratio\"><div class=\"wp-block-embed__wrapper\">\n<iframe loading=\"lazy\" title=\"La Resistenza - Non dimenticarlo (Rielli on drum)\" width=\"760\" height=\"428\" src=\"https:\/\/www.youtube.com\/embed\/uZdrQS0IwI0?feature=oembed\" frameborder=\"0\" allow=\"accelerometer; autoplay; clipboard-write; encrypted-media; gyroscope; picture-in-picture\" allowfullscreen><\/iframe>\n<\/div><\/figure>\n\n\n\n<figure class=\"wp-block-embed is-type-video is-provider-youtube wp-block-embed-youtube wp-embed-aspect-16-9 wp-has-aspect-ratio\"><div class=\"wp-block-embed__wrapper\">\n<iframe loading=\"lazy\" title=\"La Resistenza - MUSICA [ Videoclip Ufficiale ]\" width=\"760\" height=\"428\" src=\"https:\/\/www.youtube.com\/embed\/7PdgDkH6FAQ?feature=oembed\" frameborder=\"0\" allow=\"accelerometer; autoplay; clipboard-write; encrypted-media; gyroscope; picture-in-picture\" allowfullscreen><\/iframe>\n<\/div><\/figure>\n<!-- AddThis Advanced Settings generic via filter on the_content --><!-- AddThis Share Buttons generic via filter on the_content -->","protected":false},"excerpt":{"rendered":"<p>La conoscenza con Enrico si perde nella notte dei tempi. E cos\u00ec l&#8217;amicizia e la stima musicale reciproche. I due si incontrano di tanto in tanto, molto cordialmente, quando un giorno Enrico suona alla porta di Damiano chiedendogli di contribuire a La Resistenza. Non se lo fa ripetere due volte, Damiano \u00e8 dentro. Ed \u00e8 &hellip; <\/p>\n<p class=\"link-more\"><a href=\"https:\/\/www.laresistenza.it\/?page_id=563\" class=\"more-link\">Continue reading<span class=\"screen-reader-text\"> &#8220;Damiano Rielli&#8221;<\/span><\/a><\/p>\n<p><!-- AddThis Advanced Settings generic via filter on get_the_excerpt --><!-- AddThis Share Buttons generic via filter on get_the_excerpt --><\/p>\n","protected":false},"author":1,"featured_media":0,"parent":99,"menu_order":0,"comment_status":"closed","ping_status":"closed","template":"template-full.php","meta":{"footnotes":""},"_links":{"self":[{"href":"https:\/\/www.laresistenza.it\/index.php?rest_route=\/wp\/v2\/pages\/563"}],"collection":[{"href":"https:\/\/www.laresistenza.it\/index.php?rest_route=\/wp\/v2\/pages"}],"about":[{"href":"https:\/\/www.laresistenza.it\/index.php?rest_route=\/wp\/v2\/types\/page"}],"author":[{"embeddable":true,"href":"https:\/\/www.laresistenza.it\/index.php?rest_route=\/wp\/v2\/users\/1"}],"replies":[{"embeddable":true,"href":"https:\/\/www.laresistenza.it\/index.php?rest_route=%2Fwp%2Fv2%2Fcomments&post=563"}],"version-history":[{"count":7,"href":"https:\/\/www.laresistenza.it\/index.php?rest_route=\/wp\/v2\/pages\/563\/revisions"}],"predecessor-version":[{"id":578,"href":"https:\/\/www.laresistenza.it\/index.php?rest_route=\/wp\/v2\/pages\/563\/revisions\/578"}],"up":[{"embeddable":true,"href":"https:\/\/www.laresistenza.it\/index.php?rest_route=\/wp\/v2\/pages\/99"}],"wp:attachment":[{"href":"https:\/\/www.laresistenza.it\/index.php?rest_route=%2Fwp%2Fv2%2Fmedia&parent=563"}],"curies":[{"name":"wp","href":"https:\/\/api.w.org\/{rel}","templated":true}]}}

<figure class="wp-block-image size-large"><img loading="lazy" decoding="async" width="960" height="720" src="https://www.laresistenza.it/wp-content/uploads/2021/07/Damiano-Rielli-from-La-Resistenza-2.jpg" alt="Damiano Rielli" class="wp-image-564" srcset="https://www.laresistenza.it/wp-content/uploads/2021/07/Damiano-Rielli-from-La-Resistenza-2.jpg 960w, https://www.laresistenza.it/wp-content/uploads/2021/07/Damiano-Rielli-from-La-Resistenza-2-300x225.jpg 300w, https://www.laresistenza.it/wp-content/uploads/2021/07/Damiano-Rielli-from-La-Resistenza-2-768x576.jpg 768w" sizes="(max-width: 960px) 100vw, 960px" /><figcaption>Damiano Rielli in live con La Resistenza</figcaption></figure>



<p>La conoscenza con Enrico si perde nella notte dei tempi. E così l&#8217;amicizia e la stima musicale reciproche. I due si incontrano di tanto in tanto, molto cordialmente, quando un giorno Enrico suona alla porta di Damiano chiedendogli di contribuire a La Resistenza.</p>



<p>Non se lo fa ripetere due volte, Damiano è dentro. Ed è questa l&#8217;occasione giusta per principiare un rapporto di collaborazione ed amicizia unico nella storia de La Resistenza. I due si chiuduno in studio, letteralmente, nel mitico ResiX di Francesco Scoditti. E producono musica, si preparano per una serie di live che restano storia del progetto. Nascono <a rel="noreferrer noopener" href="https://www.youtube.com/watch?v=7PdgDkH6FAQ" target="_blank">Musica</a>, <a rel="noreferrer noopener" href="https://www.youtube.com/watch?v=zxCjm8_LCIo" target="_blank">Non credere</a> e poi ci sono le esibizioni <a rel="noreferrer noopener" href="https://www.youtube.com/watch?v=Wu4xQvts-Rg" target="_blank">in Albania</a> e <a rel="noreferrer noopener" href="https://www.youtube.com/watch?v=WT-MrXBSQfw" target="_blank">in radio</a>. Una vita. Damiano nel 2015 sceglie di tornare alla sua passione prima, al metal, lasciando di fatto La Resistenza. Ma regalando un contributo unico e indelebile per il sound e la piccola e umile storia di questo progetto musicale.</p>



<p>Nato a Mesagne nel 1979, Damiano inizia lo studio della batteria da autodidatta per poi studiare con Camillo Fasulo, maestro della scuola di musica &#8220;G. Frescobaldi&#8221; di Brindisi. Già batterista degli S.A.O.H., esprime la sua migliore vena nelle ritmiche serrate del metal, senza disdegnare sonorità più soft, sempre stilizzate e cariche di groove. Dopo l&#8217;esperienza con i Defenders of the faith, le bacchette di Damiano incrociano i roventi plettri dei Burning Seas di Gianluca &#8220;Pescecane&#8221; Farina e Domenico &#8220;Mimmo&#8221; De Cesare dei Burning Seas, storica band salentina. Già alla batteria per i Little Italy, Damiano partecipa ai progetti Leta, Ghost of Mary, Christine IX e T-34, tagliando importanti traguardi.</p>



<figure class="wp-block-gallery columns-3 is-cropped wp-block-gallery-1 is-layout-flex wp-block-gallery-is-layout-flex"><ul class="blocks-gallery-grid"><li class="blocks-gallery-item"><figure><img loading="lazy" decoding="async" width="960" height="720" src="https://www.laresistenza.it/wp-content/uploads/2021/07/Damiano-Rielli-from-La-Resistenza-2.jpg" alt="Damiano Rielli" data-id="564" data-full-url="https://www.laresistenza.it/wp-content/uploads/2021/07/Damiano-Rielli-from-La-Resistenza-2.jpg" data-link="https://www.laresistenza.it/?attachment_id=564" class="wp-image-564" srcset="https://www.laresistenza.it/wp-content/uploads/2021/07/Damiano-Rielli-from-La-Resistenza-2.jpg 960w, https://www.laresistenza.it/wp-content/uploads/2021/07/Damiano-Rielli-from-La-Resistenza-2-300x225.jpg 300w, https://www.laresistenza.it/wp-content/uploads/2021/07/Damiano-Rielli-from-La-Resistenza-2-768x576.jpg 768w" sizes="(max-width: 960px) 100vw, 960px" /></figure></li><li class="blocks-gallery-item"><figure><img loading="lazy" decoding="async" width="720" height="540" src="https://www.laresistenza.it/wp-content/uploads/2021/07/Damiano-Rielli-from-La-Resistenza-1.jpg" alt="Damiano Rielli" data-id="565" data-full-url="https://www.laresistenza.it/wp-content/uploads/2021/07/Damiano-Rielli-from-La-Resistenza-1.jpg" data-link="https://www.laresistenza.it/?attachment_id=565" class="wp-image-565" srcset="https://www.laresistenza.it/wp-content/uploads/2021/07/Damiano-Rielli-from-La-Resistenza-1.jpg 720w, https://www.laresistenza.it/wp-content/uploads/2021/07/Damiano-Rielli-from-La-Resistenza-1-300x225.jpg 300w" sizes="(max-width: 720px) 100vw, 720px" /></figure></li><li class="blocks-gallery-item"><figure><img loading="lazy" decoding="async" width="480" height="720" src="https://www.laresistenza.it/wp-content/uploads/2021/07/Damiano-RIelli.png" alt="Damiano Rielli" data-id="566" data-full-url="https://www.laresistenza.it/wp-content/uploads/2021/07/Damiano-RIelli.png" data-link="https://www.laresistenza.it/?attachment_id=566" class="wp-image-566" srcset="https://www.laresistenza.it/wp-content/uploads/2021/07/Damiano-RIelli.png 480w, https://www.laresistenza.it/wp-content/uploads/2021/07/Damiano-RIelli-200x300.png 200w" sizes="(max-width: 480px) 100vw, 480px" /></figure></li></ul><figcaption class="blocks-gallery-caption">Damiano Rielli alla drum</figcaption></figure>



<h4 class="wp-block-heading">Alcuni video con Damiano</h4>



<figure class="wp-block-embed is-type-video is-provider-youtube wp-block-embed-youtube wp-embed-aspect-16-9 wp-has-aspect-ratio"><div class="wp-block-embed__wrapper">
<iframe loading="lazy" title="La Resistenza - Damiano Rielli Drum Session (Rec wt new phones) HD" width="760" height="428" src="https://www.youtube.com/embed/67DNPE7cPqA?feature=oembed" frameborder="0" allow="accelerometer; autoplay; clipboard-write; encrypted-media; gyroscope; picture-in-picture" allowfullscreen></iframe>
</div></figure>



<figure class="wp-block-embed is-type-video is-provider-youtube wp-block-embed-youtube wp-embed-aspect-4-3 wp-has-aspect-ratio"><div class="wp-block-embed__wrapper">
<iframe loading="lazy" title="La Resistenza - Astore intervista Cervellera e Rielli (Quarto Canale Radio, 25/01/14)" width="760" height="570" src="https://www.youtube.com/embed/4BH287FLEgw?start=1&#038;feature=oembed" frameborder="0" allow="accelerometer; autoplay; clipboard-write; encrypted-media; gyroscope; picture-in-picture" allowfullscreen></iframe>
</div></figure>



<figure class="wp-block-embed is-type-video is-provider-youtube wp-block-embed-youtube wp-embed-aspect-16-9 wp-has-aspect-ratio"><div class="wp-block-embed__wrapper">
<iframe loading="lazy" title="La Resistenza - NON CREDERE [ Videoclip Ufficiale ]" width="760" height="428" src="https://www.youtube.com/embed/zxCjm8_LCIo?feature=oembed" frameborder="0" allow="accelerometer; autoplay; clipboard-write; encrypted-media; gyroscope; picture-in-picture" allowfullscreen></iframe>
</div></figure>



<figure class="wp-block-embed is-type-video is-provider-youtube wp-block-embed-youtube wp-embed-aspect-16-9 wp-has-aspect-ratio"><div class="wp-block-embed__wrapper">
<iframe loading="lazy" title="La Resistenza ft. Risonanze Folk - Bella Ciao" width="760" height="428" src="https://www.youtube.com/embed/J5kKVKdrACk?feature=oembed" frameborder="0" allow="accelerometer; autoplay; clipboard-write; encrypted-media; gyroscope; picture-in-picture" allowfullscreen></iframe>
</div></figure>



<figure class="wp-block-embed is-type-video is-provider-youtube wp-block-embed-youtube wp-embed-aspect-16-9 wp-has-aspect-ratio"><div class="wp-block-embed__wrapper">
<iframe loading="lazy" title="La Resistenza - Non dimenticarlo (Rielli on drum)" width="760" height="428" src="https://www.youtube.com/embed/uZdrQS0IwI0?feature=oembed" frameborder="0" allow="accelerometer; autoplay; clipboard-write; encrypted-media; gyroscope; picture-in-picture" allowfullscreen></iframe>
</div></figure>



<figure class="wp-block-embed is-type-video is-provider-youtube wp-block-embed-youtube wp-embed-aspect-16-9 wp-has-aspect-ratio"><div class="wp-block-embed__wrapper">
<iframe loading="lazy" title="La Resistenza - MUSICA [ Videoclip Ufficiale ]" width="760" height="428" src="https://www.youtube.com/embed/7PdgDkH6FAQ?feature=oembed" frameborder="0" allow="accelerometer; autoplay; clipboard-write; encrypted-media; gyroscope; picture-in-picture" allowfullscreen></iframe>
</div></figure>
<!-- AddThis Advanced Settings generic via filter on the_content --><!-- AddThis Share Buttons generic via filter on the_content -->

<p>La conoscenza con Enrico si perde nella notte dei tempi. E così l&#8217;amicizia e la stima musicale reciproche. I due si incontrano di tanto in tanto, molto cordialmente, quando un giorno Enrico suona alla porta di Damiano chiedendogli di contribuire a La Resistenza. Non se lo fa ripetere due volte, Damiano è dentro. Ed è &hellip; </p>
<p class="link-more"><a href="https://www.laresistenza.it/?page_id=563" class="more-link">Continue reading<span class="screen-reader-text"> &#8220;Damiano Rielli&#8221;</span></a></p>
<p><!-- AddThis Advanced Settings generic via filter on get_the_excerpt --><!-- AddThis Share Buttons generic via filter on get_the_excerpt --></p>
