{"id":582,"date":"2021-07-08T22:47:24","date_gmt":"2021-07-08T20:47:24","guid":{"rendered":"http:\/\/www.laresistenza.it\/?page_id=582"},"modified":"2021-07-08T22:51:47","modified_gmt":"2021-07-08T20:51:47","slug":"angelo-milone","status":"publish","type":"page","link":"https:\/\/www.laresistenza.it\/?page_id=582","title":{"rendered":"Angelo Milone"},"content":{"rendered":"\n<p>Percussionista. Entra nel progetto come sostituto per una sola serata. Non \u00e8 una data casuale, trattasi del debutto live, avvenuto il 25 aprile 2005 nell&#8217;Aula Magna dell&#8217;Universit\u00e0 del Salento. Alle percussioni era previsto l&#8217;intervento di Pier Daniel Nginamau. Questi, per\u00f2, ammutinatisi per questioni di lavoro, viene egregiamente sostituito da Milone. Nginamau lascia il progetto per dedicarsi al suo Studio Musicale e ai service. Subentra dunque Angelo Milone.<\/p>\n\n\n\n<figure class=\"wp-block-image size-large\"><img loading=\"lazy\" decoding=\"async\" width=\"1024\" height=\"681\" src=\"https:\/\/www.laresistenza.it\/wp-content\/uploads\/2021\/07\/Angelo-Milone-25-2.jpg\" alt=\"Angelo Milone\" class=\"wp-image-618\" srcset=\"https:\/\/www.laresistenza.it\/wp-content\/uploads\/2021\/07\/Angelo-Milone-25-2.jpg 1024w, https:\/\/www.laresistenza.it\/wp-content\/uploads\/2021\/07\/Angelo-Milone-25-2-300x200.jpg 300w, https:\/\/www.laresistenza.it\/wp-content\/uploads\/2021\/07\/Angelo-Milone-25-2-768x511.jpg 768w\" sizes=\"(max-width: 1024px) 100vw, 1024px\" \/><\/figure>\n\n\n\n<p>Figlio d&#8217;arte, Milone \u00e8 amante delle percussioni africane, tanto da fondare un progetto legato a questo filone. Il pap\u00e0 di Angelo, il M Cosimo Milone, \u00e8 uno dei primi mentori musicali di Enrico Cervellera. Questi, giovanissimo, partecipa ai gruppi di Musica d&#8217;Insieme del Maestro Milone, imparando soprattutto l&#8217;amore e la passione per la ricerca timbrica degli archi nelle tastiere elettroniche. S\u00ec, perch\u00e9 Enrico, insieme ad altri, \u00e8 spesso l&#8217;esecutore, in queste piccole orchestre locali, delle parti di archi. Quanto appreso rientrer\u00e0 poi nel background musicale di Cervellera, che spesso adoperer\u00e0 parti d&#8217;archi in alcune canzoni, come in Musica.<\/p>\n\n\n\n<p>Angelo lascia il progetto a fine 2009, lasciando un segno indelebile nella piccola ed umile storia di questo progetto musicale. Resistere sempre, Angelo.<\/p>\n\n\n\n<figure class=\"wp-block-gallery columns-3 is-cropped wp-block-gallery-1 is-layout-flex wp-block-gallery-is-layout-flex\"><ul class=\"blocks-gallery-grid\"><li class=\"blocks-gallery-item\"><figure><img loading=\"lazy\" decoding=\"async\" width=\"681\" height=\"1024\" src=\"https:\/\/www.laresistenza.it\/wp-content\/uploads\/2021\/07\/Angelo-Milone-39.jpg\" alt=\"Angelo Milone\" data-id=\"614\" data-full-url=\"https:\/\/www.laresistenza.it\/wp-content\/uploads\/2021\/07\/Angelo-Milone-39.jpg\" data-link=\"https:\/\/www.laresistenza.it\/?attachment_id=614\" class=\"wp-image-614\" srcset=\"https:\/\/www.laresistenza.it\/wp-content\/uploads\/2021\/07\/Angelo-Milone-39.jpg 681w, https:\/\/www.laresistenza.it\/wp-content\/uploads\/2021\/07\/Angelo-Milone-39-200x300.jpg 200w\" sizes=\"(max-width: 681px) 100vw, 681px\" \/><\/figure><\/li><li class=\"blocks-gallery-item\"><figure><img loading=\"lazy\" decoding=\"async\" width=\"768\" height=\"960\" src=\"https:\/\/www.laresistenza.it\/wp-content\/uploads\/2021\/07\/Angelo-Milone-36.jpg\" alt=\"Angelo Milone\" data-id=\"613\" data-full-url=\"https:\/\/www.laresistenza.it\/wp-content\/uploads\/2021\/07\/Angelo-Milone-36.jpg\" data-link=\"https:\/\/www.laresistenza.it\/?attachment_id=613\" class=\"wp-image-613\" srcset=\"https:\/\/www.laresistenza.it\/wp-content\/uploads\/2021\/07\/Angelo-Milone-36.jpg 768w, https:\/\/www.laresistenza.it\/wp-content\/uploads\/2021\/07\/Angelo-Milone-36-240x300.jpg 240w\" sizes=\"(max-width: 768px) 100vw, 768px\" \/><\/figure><\/li><li class=\"blocks-gallery-item\"><figure><img loading=\"lazy\" decoding=\"async\" width=\"681\" height=\"1024\" src=\"https:\/\/www.laresistenza.it\/wp-content\/uploads\/2021\/07\/Angelo-Milone-26-1.jpg\" alt=\"Angelo Milone\" data-id=\"612\" data-full-url=\"https:\/\/www.laresistenza.it\/wp-content\/uploads\/2021\/07\/Angelo-Milone-26-1.jpg\" data-link=\"https:\/\/www.laresistenza.it\/?attachment_id=612\" class=\"wp-image-612\" srcset=\"https:\/\/www.laresistenza.it\/wp-content\/uploads\/2021\/07\/Angelo-Milone-26-1.jpg 681w, https:\/\/www.laresistenza.it\/wp-content\/uploads\/2021\/07\/Angelo-Milone-26-1-200x300.jpg 200w\" sizes=\"(max-width: 681px) 100vw, 681px\" \/><\/figure><\/li><li class=\"blocks-gallery-item\"><figure><img loading=\"lazy\" decoding=\"async\" width=\"768\" height=\"1024\" src=\"https:\/\/www.laresistenza.it\/wp-content\/uploads\/2021\/07\/Angelo-Milone-28.jpg\" alt=\"Angelo Milone\" data-id=\"609\" data-full-url=\"https:\/\/www.laresistenza.it\/wp-content\/uploads\/2021\/07\/Angelo-Milone-28.jpg\" data-link=\"https:\/\/www.laresistenza.it\/?attachment_id=609\" class=\"wp-image-609\" srcset=\"https:\/\/www.laresistenza.it\/wp-content\/uploads\/2021\/07\/Angelo-Milone-28.jpg 768w, https:\/\/www.laresistenza.it\/wp-content\/uploads\/2021\/07\/Angelo-Milone-28-225x300.jpg 225w\" sizes=\"(max-width: 768px) 100vw, 768px\" \/><\/figure><\/li><li class=\"blocks-gallery-item\"><figure><img loading=\"lazy\" decoding=\"async\" width=\"768\" height=\"1024\" src=\"https:\/\/www.laresistenza.it\/wp-content\/uploads\/2021\/07\/Angelo-Milone-15-1-768x1024.jpg\" alt=\"Angelo Milone\" data-id=\"608\" data-full-url=\"https:\/\/www.laresistenza.it\/wp-content\/uploads\/2021\/07\/Angelo-Milone-15-1.jpg\" data-link=\"https:\/\/www.laresistenza.it\/?attachment_id=608\" class=\"wp-image-608\" srcset=\"https:\/\/www.laresistenza.it\/wp-content\/uploads\/2021\/07\/Angelo-Milone-15-1-768x1024.jpg 768w, https:\/\/www.laresistenza.it\/wp-content\/uploads\/2021\/07\/Angelo-Milone-15-1-225x300.jpg 225w, https:\/\/www.laresistenza.it\/wp-content\/uploads\/2021\/07\/Angelo-Milone-15-1-1152x1536.jpg 1152w, https:\/\/www.laresistenza.it\/wp-content\/uploads\/2021\/07\/Angelo-Milone-15-1.jpg 1200w\" sizes=\"(max-width: 768px) 100vw, 768px\" \/><\/figure><\/li><li class=\"blocks-gallery-item\"><figure><img loading=\"lazy\" decoding=\"async\" width=\"340\" height=\"399\" src=\"https:\/\/www.laresistenza.it\/wp-content\/uploads\/2021\/07\/Angelo-Milone-23.jpg\" alt=\"Angelo Milone\" data-id=\"605\" data-full-url=\"https:\/\/www.laresistenza.it\/wp-content\/uploads\/2021\/07\/Angelo-Milone-23.jpg\" data-link=\"https:\/\/www.laresistenza.it\/?attachment_id=605\" class=\"wp-image-605\" srcset=\"https:\/\/www.laresistenza.it\/wp-content\/uploads\/2021\/07\/Angelo-Milone-23.jpg 340w, https:\/\/www.laresistenza.it\/wp-content\/uploads\/2021\/07\/Angelo-Milone-23-256x300.jpg 256w\" sizes=\"(max-width: 340px) 100vw, 340px\" \/><\/figure><\/li><li class=\"blocks-gallery-item\"><figure><img loading=\"lazy\" decoding=\"async\" width=\"389\" height=\"292\" src=\"https:\/\/www.laresistenza.it\/wp-content\/uploads\/2021\/07\/Angelo-Milone-13-1.jpg\" alt=\"Angelo Milone\" data-id=\"604\" data-full-url=\"https:\/\/www.laresistenza.it\/wp-content\/uploads\/2021\/07\/Angelo-Milone-13-1.jpg\" data-link=\"https:\/\/www.laresistenza.it\/?attachment_id=604\" class=\"wp-image-604\" srcset=\"https:\/\/www.laresistenza.it\/wp-content\/uploads\/2021\/07\/Angelo-Milone-13-1.jpg 389w, https:\/\/www.laresistenza.it\/wp-content\/uploads\/2021\/07\/Angelo-Milone-13-1-300x225.jpg 300w\" sizes=\"(max-width: 389px) 100vw, 389px\" \/><\/figure><\/li><li class=\"blocks-gallery-item\"><figure><img loading=\"lazy\" decoding=\"async\" width=\"768\" height=\"1024\" src=\"https:\/\/www.laresistenza.it\/wp-content\/uploads\/2021\/07\/Angelo-Milone-21-768x1024.jpg\" alt=\"Angelo Milone\" data-id=\"602\" data-full-url=\"https:\/\/www.laresistenza.it\/wp-content\/uploads\/2021\/07\/Angelo-Milone-21.jpg\" data-link=\"https:\/\/www.laresistenza.it\/?attachment_id=602\" class=\"wp-image-602\" srcset=\"https:\/\/www.laresistenza.it\/wp-content\/uploads\/2021\/07\/Angelo-Milone-21-768x1024.jpg 768w, https:\/\/www.laresistenza.it\/wp-content\/uploads\/2021\/07\/Angelo-Milone-21-225x300.jpg 225w, https:\/\/www.laresistenza.it\/wp-content\/uploads\/2021\/07\/Angelo-Milone-21-1152x1536.jpg 1152w, https:\/\/www.laresistenza.it\/wp-content\/uploads\/2021\/07\/Angelo-Milone-21.jpg 1536w\" sizes=\"(max-width: 768px) 100vw, 768px\" \/><\/figure><\/li><li class=\"blocks-gallery-item\"><figure><img loading=\"lazy\" decoding=\"async\" width=\"389\" height=\"293\" src=\"https:\/\/www.laresistenza.it\/wp-content\/uploads\/2021\/07\/Angelo-Milone-12-1.jpg\" alt=\"Angelo Milone\" data-id=\"603\" data-full-url=\"https:\/\/www.laresistenza.it\/wp-content\/uploads\/2021\/07\/Angelo-Milone-12-1.jpg\" data-link=\"https:\/\/www.laresistenza.it\/?attachment_id=603\" class=\"wp-image-603\" srcset=\"https:\/\/www.laresistenza.it\/wp-content\/uploads\/2021\/07\/Angelo-Milone-12-1.jpg 389w, https:\/\/www.laresistenza.it\/wp-content\/uploads\/2021\/07\/Angelo-Milone-12-1-300x226.jpg 300w\" sizes=\"(max-width: 389px) 100vw, 389px\" \/><\/figure><\/li><li class=\"blocks-gallery-item\"><figure><img loading=\"lazy\" decoding=\"async\" width=\"336\" height=\"448\" src=\"https:\/\/www.laresistenza.it\/wp-content\/uploads\/2021\/07\/Angelo-Milone-2-1.jpg\" alt=\"Angelo Milone\" data-id=\"598\" data-full-url=\"https:\/\/www.laresistenza.it\/wp-content\/uploads\/2021\/07\/Angelo-Milone-2-1.jpg\" data-link=\"https:\/\/www.laresistenza.it\/?attachment_id=598\" class=\"wp-image-598\" srcset=\"https:\/\/www.laresistenza.it\/wp-content\/uploads\/2021\/07\/Angelo-Milone-2-1.jpg 336w, https:\/\/www.laresistenza.it\/wp-content\/uploads\/2021\/07\/Angelo-Milone-2-1-225x300.jpg 225w\" sizes=\"(max-width: 336px) 100vw, 336px\" \/><\/figure><\/li><\/ul><\/figure>\n<!-- AddThis Advanced Settings generic via filter on the_content --><!-- AddThis Share Buttons generic via filter on the_content -->","protected":false},"excerpt":{"rendered":"<p>Percussionista. Entra nel progetto come sostituto per una sola serata. Non \u00e8 una data casuale, trattasi del debutto live, avvenuto il 25 aprile 2005 nell&#8217;Aula Magna dell&#8217;Universit\u00e0 del Salento. Alle percussioni era previsto l&#8217;intervento di Pier Daniel Nginamau. Questi, per\u00f2, ammutinatisi per questioni di lavoro, viene egregiamente sostituito da Milone. Nginamau lascia il progetto per &hellip; <\/p>\n<p class=\"link-more\"><a href=\"https:\/\/www.laresistenza.it\/?page_id=582\" class=\"more-link\">Continue reading<span class=\"screen-reader-text\"> &#8220;Angelo Milone&#8221;<\/span><\/a><\/p>\n<p><!-- AddThis Advanced Settings generic via filter on get_the_excerpt --><!-- AddThis Share Buttons generic via filter on get_the_excerpt --><\/p>\n","protected":false},"author":1,"featured_media":0,"parent":99,"menu_order":0,"comment_status":"closed","ping_status":"closed","template":"template-full.php","meta":{"footnotes":""},"_links":{"self":[{"href":"https:\/\/www.laresistenza.it\/index.php?rest_route=\/wp\/v2\/pages\/582"}],"collection":[{"href":"https:\/\/www.laresistenza.it\/index.php?rest_route=\/wp\/v2\/pages"}],"about":[{"href":"https:\/\/www.laresistenza.it\/index.php?rest_route=\/wp\/v2\/types\/page"}],"author":[{"embeddable":true,"href":"https:\/\/www.laresistenza.it\/index.php?rest_route=\/wp\/v2\/users\/1"}],"replies":[{"embeddable":true,"href":"https:\/\/www.laresistenza.it\/index.php?rest_route=%2Fwp%2Fv2%2Fcomments&post=582"}],"version-history":[{"count":2,"href":"https:\/\/www.laresistenza.it\/index.php?rest_route=\/wp\/v2\/pages\/582\/revisions"}],"predecessor-version":[{"id":620,"href":"https:\/\/www.laresistenza.it\/index.php?rest_route=\/wp\/v2\/pages\/582\/revisions\/620"}],"up":[{"embeddable":true,"href":"https:\/\/www.laresistenza.it\/index.php?rest_route=\/wp\/v2\/pages\/99"}],"wp:attachment":[{"href":"https:\/\/www.laresistenza.it\/index.php?rest_route=%2Fwp%2Fv2%2Fmedia&parent=582"}],"curies":[{"name":"wp","href":"https:\/\/api.w.org\/{rel}","templated":true}]}}

<p>Percussionista. Entra nel progetto come sostituto per una sola serata. Non è una data casuale, trattasi del debutto live, avvenuto il 25 aprile 2005 nell&#8217;Aula Magna dell&#8217;Università del Salento. Alle percussioni era previsto l&#8217;intervento di Pier Daniel Nginamau. Questi, però, ammutinatisi per questioni di lavoro, viene egregiamente sostituito da Milone. Nginamau lascia il progetto per dedicarsi al suo Studio Musicale e ai service. Subentra dunque Angelo Milone.</p>



<figure class="wp-block-image size-large"><img loading="lazy" decoding="async" width="1024" height="681" src="https://www.laresistenza.it/wp-content/uploads/2021/07/Angelo-Milone-25-2.jpg" alt="Angelo Milone" class="wp-image-618" srcset="https://www.laresistenza.it/wp-content/uploads/2021/07/Angelo-Milone-25-2.jpg 1024w, https://www.laresistenza.it/wp-content/uploads/2021/07/Angelo-Milone-25-2-300x200.jpg 300w, https://www.laresistenza.it/wp-content/uploads/2021/07/Angelo-Milone-25-2-768x511.jpg 768w" sizes="(max-width: 1024px) 100vw, 1024px" /></figure>



<p>Figlio d&#8217;arte, Milone è amante delle percussioni africane, tanto da fondare un progetto legato a questo filone. Il papà di Angelo, il M Cosimo Milone, è uno dei primi mentori musicali di Enrico Cervellera. Questi, giovanissimo, partecipa ai gruppi di Musica d&#8217;Insieme del Maestro Milone, imparando soprattutto l&#8217;amore e la passione per la ricerca timbrica degli archi nelle tastiere elettroniche. Sì, perché Enrico, insieme ad altri, è spesso l&#8217;esecutore, in queste piccole orchestre locali, delle parti di archi. Quanto appreso rientrerà poi nel background musicale di Cervellera, che spesso adopererà parti d&#8217;archi in alcune canzoni, come in Musica.</p>



<p>Angelo lascia il progetto a fine 2009, lasciando un segno indelebile nella piccola ed umile storia di questo progetto musicale. Resistere sempre, Angelo.</p>



<figure class="wp-block-gallery columns-3 is-cropped wp-block-gallery-1 is-layout-flex wp-block-gallery-is-layout-flex"><ul class="blocks-gallery-grid"><li class="blocks-gallery-item"><figure><img loading="lazy" decoding="async" width="681" height="1024" src="https://www.laresistenza.it/wp-content/uploads/2021/07/Angelo-Milone-39.jpg" alt="Angelo Milone" data-id="614" data-full-url="https://www.laresistenza.it/wp-content/uploads/2021/07/Angelo-Milone-39.jpg" data-link="https://www.laresistenza.it/?attachment_id=614" class="wp-image-614" srcset="https://www.laresistenza.it/wp-content/uploads/2021/07/Angelo-Milone-39.jpg 681w, https://www.laresistenza.it/wp-content/uploads/2021/07/Angelo-Milone-39-200x300.jpg 200w" sizes="(max-width: 681px) 100vw, 681px" /></figure></li><li class="blocks-gallery-item"><figure><img loading="lazy" decoding="async" width="768" height="960" src="https://www.laresistenza.it/wp-content/uploads/2021/07/Angelo-Milone-36.jpg" alt="Angelo Milone" data-id="613" data-full-url="https://www.laresistenza.it/wp-content/uploads/2021/07/Angelo-Milone-36.jpg" data-link="https://www.laresistenza.it/?attachment_id=613" class="wp-image-613" srcset="https://www.laresistenza.it/wp-content/uploads/2021/07/Angelo-Milone-36.jpg 768w, https://www.laresistenza.it/wp-content/uploads/2021/07/Angelo-Milone-36-240x300.jpg 240w" sizes="(max-width: 768px) 100vw, 768px" /></figure></li><li class="blocks-gallery-item"><figure><img loading="lazy" decoding="async" width="681" height="1024" src="https://www.laresistenza.it/wp-content/uploads/2021/07/Angelo-Milone-26-1.jpg" alt="Angelo Milone" data-id="612" data-full-url="https://www.laresistenza.it/wp-content/uploads/2021/07/Angelo-Milone-26-1.jpg" data-link="https://www.laresistenza.it/?attachment_id=612" class="wp-image-612" srcset="https://www.laresistenza.it/wp-content/uploads/2021/07/Angelo-Milone-26-1.jpg 681w, https://www.laresistenza.it/wp-content/uploads/2021/07/Angelo-Milone-26-1-200x300.jpg 200w" sizes="(max-width: 681px) 100vw, 681px" /></figure></li><li class="blocks-gallery-item"><figure><img loading="lazy" decoding="async" width="768" height="1024" src="https://www.laresistenza.it/wp-content/uploads/2021/07/Angelo-Milone-28.jpg" alt="Angelo Milone" data-id="609" data-full-url="https://www.laresistenza.it/wp-content/uploads/2021/07/Angelo-Milone-28.jpg" data-link="https://www.laresistenza.it/?attachment_id=609" class="wp-image-609" srcset="https://www.laresistenza.it/wp-content/uploads/2021/07/Angelo-Milone-28.jpg 768w, https://www.laresistenza.it/wp-content/uploads/2021/07/Angelo-Milone-28-225x300.jpg 225w" sizes="(max-width: 768px) 100vw, 768px" /></figure></li><li class="blocks-gallery-item"><figure><img loading="lazy" decoding="async" width="768" height="1024" src="https://www.laresistenza.it/wp-content/uploads/2021/07/Angelo-Milone-15-1-768x1024.jpg" alt="Angelo Milone" data-id="608" data-full-url="https://www.laresistenza.it/wp-content/uploads/2021/07/Angelo-Milone-15-1.jpg" data-link="https://www.laresistenza.it/?attachment_id=608" class="wp-image-608" srcset="https://www.laresistenza.it/wp-content/uploads/2021/07/Angelo-Milone-15-1-768x1024.jpg 768w, https://www.laresistenza.it/wp-content/uploads/2021/07/Angelo-Milone-15-1-225x300.jpg 225w, https://www.laresistenza.it/wp-content/uploads/2021/07/Angelo-Milone-15-1-1152x1536.jpg 1152w, https://www.laresistenza.it/wp-content/uploads/2021/07/Angelo-Milone-15-1.jpg 1200w" sizes="(max-width: 768px) 100vw, 768px" /></figure></li><li class="blocks-gallery-item"><figure><img loading="lazy" decoding="async" width="340" height="399" src="https://www.laresistenza.it/wp-content/uploads/2021/07/Angelo-Milone-23.jpg" alt="Angelo Milone" data-id="605" data-full-url="https://www.laresistenza.it/wp-content/uploads/2021/07/Angelo-Milone-23.jpg" data-link="https://www.laresistenza.it/?attachment_id=605" class="wp-image-605" srcset="https://www.laresistenza.it/wp-content/uploads/2021/07/Angelo-Milone-23.jpg 340w, https://www.laresistenza.it/wp-content/uploads/2021/07/Angelo-Milone-23-256x300.jpg 256w" sizes="(max-width: 340px) 100vw, 340px" /></figure></li><li class="blocks-gallery-item"><figure><img loading="lazy" decoding="async" width="389" height="292" src="https://www.laresistenza.it/wp-content/uploads/2021/07/Angelo-Milone-13-1.jpg" alt="Angelo Milone" data-id="604" data-full-url="https://www.laresistenza.it/wp-content/uploads/2021/07/Angelo-Milone-13-1.jpg" data-link="https://www.laresistenza.it/?attachment_id=604" class="wp-image-604" srcset="https://www.laresistenza.it/wp-content/uploads/2021/07/Angelo-Milone-13-1.jpg 389w, https://www.laresistenza.it/wp-content/uploads/2021/07/Angelo-Milone-13-1-300x225.jpg 300w" sizes="(max-width: 389px) 100vw, 389px" /></figure></li><li class="blocks-gallery-item"><figure><img loading="lazy" decoding="async" width="768" height="1024" src="https://www.laresistenza.it/wp-content/uploads/2021/07/Angelo-Milone-21-768x1024.jpg" alt="Angelo Milone" data-id="602" data-full-url="https://www.laresistenza.it/wp-content/uploads/2021/07/Angelo-Milone-21.jpg" data-link="https://www.laresistenza.it/?attachment_id=602" class="wp-image-602" srcset="https://www.laresistenza.it/wp-content/uploads/2021/07/Angelo-Milone-21-768x1024.jpg 768w, https://www.laresistenza.it/wp-content/uploads/2021/07/Angelo-Milone-21-225x300.jpg 225w, https://www.laresistenza.it/wp-content/uploads/2021/07/Angelo-Milone-21-1152x1536.jpg 1152w, https://www.laresistenza.it/wp-content/uploads/2021/07/Angelo-Milone-21.jpg 1536w" sizes="(max-width: 768px) 100vw, 768px" /></figure></li><li class="blocks-gallery-item"><figure><img loading="lazy" decoding="async" width="389" height="293" src="https://www.laresistenza.it/wp-content/uploads/2021/07/Angelo-Milone-12-1.jpg" alt="Angelo Milone" data-id="603" data-full-url="https://www.laresistenza.it/wp-content/uploads/2021/07/Angelo-Milone-12-1.jpg" data-link="https://www.laresistenza.it/?attachment_id=603" class="wp-image-603" srcset="https://www.laresistenza.it/wp-content/uploads/2021/07/Angelo-Milone-12-1.jpg 389w, https://www.laresistenza.it/wp-content/uploads/2021/07/Angelo-Milone-12-1-300x226.jpg 300w" sizes="(max-width: 389px) 100vw, 389px" /></figure></li><li class="blocks-gallery-item"><figure><img loading="lazy" decoding="async" width="336" height="448" src="https://www.laresistenza.it/wp-content/uploads/2021/07/Angelo-Milone-2-1.jpg" alt="Angelo Milone" data-id="598" data-full-url="https://www.laresistenza.it/wp-content/uploads/2021/07/Angelo-Milone-2-1.jpg" data-link="https://www.laresistenza.it/?attachment_id=598" class="wp-image-598" srcset="https://www.laresistenza.it/wp-content/uploads/2021/07/Angelo-Milone-2-1.jpg 336w, https://www.laresistenza.it/wp-content/uploads/2021/07/Angelo-Milone-2-1-225x300.jpg 225w" sizes="(max-width: 336px) 100vw, 336px" /></figure></li></ul></figure>
<!-- AddThis Advanced Settings generic via filter on the_content --><!-- AddThis Share Buttons generic via filter on the_content -->

<p>Percussionista. Entra nel progetto come sostituto per una sola serata. Non è una data casuale, trattasi del debutto live, avvenuto il 25 aprile 2005 nell&#8217;Aula Magna dell&#8217;Università del Salento. Alle percussioni era previsto l&#8217;intervento di Pier Daniel Nginamau. Questi, però, ammutinatisi per questioni di lavoro, viene egregiamente sostituito da Milone. Nginamau lascia il progetto per &hellip; </p>
<p class="link-more"><a href="https://www.laresistenza.it/?page_id=582" class="more-link">Continue reading<span class="screen-reader-text"> &#8220;Angelo Milone&#8221;</span></a></p>
<p><!-- AddThis Advanced Settings generic via filter on get_the_excerpt --><!-- AddThis Share Buttons generic via filter on get_the_excerpt --></p>
