{"id":641,"date":"2021-07-14T19:11:24","date_gmt":"2021-07-14T17:11:24","guid":{"rendered":"http:\/\/www.laresistenza.it\/?page_id=641"},"modified":"2021-07-14T19:12:37","modified_gmt":"2021-07-14T17:12:37","slug":"non-dimenticarlo","status":"publish","type":"page","link":"https:\/\/www.laresistenza.it\/?page_id=641","title":{"rendered":"Non dimentiCarlo"},"content":{"rendered":"<p><iframe loading=\"lazy\" width=\"100%\" height=\"166\" scrolling=\"no\" frameborder=\"no\" allow=\"autoplay\" src=\"https:\/\/w.soundcloud.com\/player\/?url=https%3A\/\/api.soundcloud.com\/tracks\/653840015&#038;color=%23ff5500&#038;auto_play=false&#038;hide_related=false&#038;show_comments=true&#038;show_user=true&#038;show_reposts=false&#038;show_teaser=true\"><\/iframe><\/p>\n\n\n\n<h4 class=\"wp-block-heading\">tESTO<\/h4>\n\n\n\n<p class=\"has-text-align-center\"><em>Non dimentiCarlo<\/em><\/p>\n\n\n\n<p class=\"has-text-align-center\">Scrivo<br>Dei fatti del G8<br>Che ho scoperto e che oggi schifo<br>Dei torti di quel luglio maledetto<br>C&#8217;\u00e8 il sospetto, lo ammetto<br>Che tutto sia un copione gi\u00e0 scritto<br>E non detto l&#8217;autore del soggetto<\/p>\n\n\n\n<p class=\"has-text-align-center\">Penso ai tanti andati l\u00ec<br>Sperando di manifestare<br>Ai giovani picchiati armati solo di ideali<br>Ma quale diritto di sfilare<br>Se un tonfa alle spalle<br>Ti manda all&#8217;ospedale<\/p>\n\n\n\n<p class=\"has-text-align-center\">Io sono quel dottore<br>Piegato dal dolore<br>Che impreca e piange<br>Ed ha gi\u00e0 lo sguardo del terrore<br>Io son quel ragazzo<br>Che fugge dalla piazza<br>E in sette lo raggiungono<br>E gli spezzano le braccia<\/p>\n\n\n\n<p class=\"has-text-align-center\">Genova, Genova<br>Io non c&#8217;ero ma ci credo<br>Genova, Genova<br>Che qualcosa \u00e8 andato storto<br>Genova, Genova<br>Io non c&#8217;ero l\u00ec sul porto<br>Ma Genova, Genova<br>Genova, Genova<br>Genova, Genova<br>Genova, Genova<\/p>\n\n\n\n<p class=\"has-text-align-center\">Vita<br>Ne parla quasi fosse stato<br>Tutto una partita<br>Ma dica<br>In quale sfida onesta<br>Ci sta un colpo alla testa<br>Che passi per svista<br>E qualcuno protesti<br>Era fallo di mischia<\/p>\n\n\n\n<p class=\"has-text-align-center\">Vedo<br>Camionette pazze contro muri di persone<br>Che fuggono smarrite<br>Senza darsi una ragione<br>E un altro elicottero mi romba sulla testa<br>E indica la mia posizione<\/p>\n\n\n\n<p class=\"has-text-align-center\">Io sono quella tipa<br>Che cade senza vita,<br>Colpita a morte e chiss\u00e0<br>Dove poi sia finita,<br>Io sono lo straniero<br>Picchiato a Bolzaneto<br>In piedi da trent&#8217;ore<br>Contro un muro che non vedo<\/p>\n\n\n\n<p class=\"has-text-align-center\">Genova, Genova<br>Io non c&#8217;ero ma ci credo<br>Genova, Genova<br>Che qualcosa \u00e8 andato storto<br>Genova, Genova<br>Io non c&#8217;ero l\u00ec sul porto<br>Ma Genova, Genova<br>Genova, Genova<br>Genova, Genova<br>Genova, Genova<\/p>\n\n\n\n<p class=\"has-text-align-center\">Io sono in quella scuola<br>Col passaporto in mano<br>La storia lo chiamer\u00e0<br>Macello messicano<br>Io sono in quel cortile<br>Dove non c&#8217;\u00e8 pi\u00f9 luce<br>Bruciato da mille gas<br>Che tagliano la voce<br>Io sono quel ragazzo<br>Che tocca un estintore<br>Che s&#8217;era alzato al mattino<br>E gli batteva il cuore<br>Io sono quel bambino<br>Che alza un estintore<br>E gi\u00e0 non c&#8217;\u00e8 pi\u00f9 il colpo<br>Nel tuo caricatore<\/p>\n<!-- AddThis Advanced Settings generic via filter on the_content --><!-- AddThis Share Buttons generic via filter on the_content -->","protected":false},"excerpt":{"rendered":"<p>tESTO Non dimentiCarlo ScrivoDei fatti del G8Che ho scoperto e che oggi schifoDei torti di quel luglio maledettoC&#8217;\u00e8 il sospetto, lo ammettoChe tutto sia un copione gi\u00e0 scrittoE non detto l&#8217;autore del soggetto Penso ai tanti andati l\u00ecSperando di manifestareAi giovani picchiati armati solo di idealiMa quale diritto di sfilareSe un tonfa alle spalleTi manda &hellip; <\/p>\n<p class=\"link-more\"><a href=\"https:\/\/www.laresistenza.it\/?page_id=641\" class=\"more-link\">Continue reading<span class=\"screen-reader-text\"> &#8220;Non dimentiCarlo&#8221;<\/span><\/a><\/p>\n<p><!-- AddThis Advanced Settings generic via filter on get_the_excerpt --><!-- AddThis Share Buttons generic via filter on get_the_excerpt --><\/p>\n","protected":false},"author":1,"featured_media":0,"parent":103,"menu_order":0,"comment_status":"closed","ping_status":"closed","template":"template-full.php","meta":{"footnotes":""},"_links":{"self":[{"href":"https:\/\/www.laresistenza.it\/index.php?rest_route=\/wp\/v2\/pages\/641"}],"collection":[{"href":"https:\/\/www.laresistenza.it\/index.php?rest_route=\/wp\/v2\/pages"}],"about":[{"href":"https:\/\/www.laresistenza.it\/index.php?rest_route=\/wp\/v2\/types\/page"}],"author":[{"embeddable":true,"href":"https:\/\/www.laresistenza.it\/index.php?rest_route=\/wp\/v2\/users\/1"}],"replies":[{"embeddable":true,"href":"https:\/\/www.laresistenza.it\/index.php?rest_route=%2Fwp%2Fv2%2Fcomments&post=641"}],"version-history":[{"count":2,"href":"https:\/\/www.laresistenza.it\/index.php?rest_route=\/wp\/v2\/pages\/641\/revisions"}],"predecessor-version":[{"id":643,"href":"https:\/\/www.laresistenza.it\/index.php?rest_route=\/wp\/v2\/pages\/641\/revisions\/643"}],"up":[{"embeddable":true,"href":"https:\/\/www.laresistenza.it\/index.php?rest_route=\/wp\/v2\/pages\/103"}],"wp:attachment":[{"href":"https:\/\/www.laresistenza.it\/index.php?rest_route=%2Fwp%2Fv2%2Fmedia&parent=641"}],"curies":[{"name":"wp","href":"https:\/\/api.w.org\/{rel}","templated":true}]}}

<p><iframe loading="lazy" width="100%" height="166" scrolling="no" frameborder="no" allow="autoplay" src="https://w.soundcloud.com/player/?url=https%3A//api.soundcloud.com/tracks/653840015&#038;color=%23ff5500&#038;auto_play=false&#038;hide_related=false&#038;show_comments=true&#038;show_user=true&#038;show_reposts=false&#038;show_teaser=true"></iframe></p>



<h4 class="wp-block-heading">tESTO</h4>



<p class="has-text-align-center"><em>Non dimentiCarlo</em></p>



<p class="has-text-align-center">Scrivo<br>Dei fatti del G8<br>Che ho scoperto e che oggi schifo<br>Dei torti di quel luglio maledetto<br>C&#8217;è il sospetto, lo ammetto<br>Che tutto sia un copione già scritto<br>E non detto l&#8217;autore del soggetto</p>



<p class="has-text-align-center">Penso ai tanti andati lì<br>Sperando di manifestare<br>Ai giovani picchiati armati solo di ideali<br>Ma quale diritto di sfilare<br>Se un tonfa alle spalle<br>Ti manda all&#8217;ospedale</p>



<p class="has-text-align-center">Io sono quel dottore<br>Piegato dal dolore<br>Che impreca e piange<br>Ed ha già lo sguardo del terrore<br>Io son quel ragazzo<br>Che fugge dalla piazza<br>E in sette lo raggiungono<br>E gli spezzano le braccia</p>



<p class="has-text-align-center">Genova, Genova<br>Io non c&#8217;ero ma ci credo<br>Genova, Genova<br>Che qualcosa è andato storto<br>Genova, Genova<br>Io non c&#8217;ero lì sul porto<br>Ma Genova, Genova<br>Genova, Genova<br>Genova, Genova<br>Genova, Genova</p>



<p class="has-text-align-center">Vita<br>Ne parla quasi fosse stato<br>Tutto una partita<br>Ma dica<br>In quale sfida onesta<br>Ci sta un colpo alla testa<br>Che passi per svista<br>E qualcuno protesti<br>Era fallo di mischia</p>



<p class="has-text-align-center">Vedo<br>Camionette pazze contro muri di persone<br>Che fuggono smarrite<br>Senza darsi una ragione<br>E un altro elicottero mi romba sulla testa<br>E indica la mia posizione</p>



<p class="has-text-align-center">Io sono quella tipa<br>Che cade senza vita,<br>Colpita a morte e chissà<br>Dove poi sia finita,<br>Io sono lo straniero<br>Picchiato a Bolzaneto<br>In piedi da trent&#8217;ore<br>Contro un muro che non vedo</p>



<p class="has-text-align-center">Genova, Genova<br>Io non c&#8217;ero ma ci credo<br>Genova, Genova<br>Che qualcosa è andato storto<br>Genova, Genova<br>Io non c&#8217;ero lì sul porto<br>Ma Genova, Genova<br>Genova, Genova<br>Genova, Genova<br>Genova, Genova</p>



<p class="has-text-align-center">Io sono in quella scuola<br>Col passaporto in mano<br>La storia lo chiamerà<br>Macello messicano<br>Io sono in quel cortile<br>Dove non c&#8217;è più luce<br>Bruciato da mille gas<br>Che tagliano la voce<br>Io sono quel ragazzo<br>Che tocca un estintore<br>Che s&#8217;era alzato al mattino<br>E gli batteva il cuore<br>Io sono quel bambino<br>Che alza un estintore<br>E già non c&#8217;è più il colpo<br>Nel tuo caricatore</p>
<!-- AddThis Advanced Settings generic via filter on the_content --><!-- AddThis Share Buttons generic via filter on the_content -->

<p>tESTO Non dimentiCarlo ScrivoDei fatti del G8Che ho scoperto e che oggi schifoDei torti di quel luglio maledettoC&#8217;è il sospetto, lo ammettoChe tutto sia un copione già scrittoE non detto l&#8217;autore del soggetto Penso ai tanti andati lìSperando di manifestareAi giovani picchiati armati solo di idealiMa quale diritto di sfilareSe un tonfa alle spalleTi manda &hellip; </p>
<p class="link-more"><a href="https://www.laresistenza.it/?page_id=641" class="more-link">Continue reading<span class="screen-reader-text"> &#8220;Non dimentiCarlo&#8221;</span></a></p>
<p><!-- AddThis Advanced Settings generic via filter on get_the_excerpt --><!-- AddThis Share Buttons generic via filter on get_the_excerpt --></p>
